/home/arranoyd/access-logs/empl.io.arra.no-ssl_log
194.195.253.114 - - [19/Sep/2025:14:10:13 +0200] "GET / HTTP/2" 200 190813 "-" "Better Uptime Bot Mozilla/5.0 (Windows NT 10.0; Win64; x64) AppleWebKit/537.36 (KHTML, like Gecko) Chrome/74.0.3729.169 Safari/537.36"
91.214.47.200 - - [19/Sep/2025:14:13:28 +0200] "POST /wp-cron.php?doing_wp_cron=1758284008.6903169155120849609375 HTTP/1.1" 200 20 "https://empl.io/wp-cron.php?doing_wp_cron=1758284008.6903169155120849609375" "WordPress/5.9; https://empl.io"
57.141.0.62 - - [19/Sep/2025:14:13:28 +0200] "GET / HTTP/2" 200 1401675 "-" "meta-externalagent/1.1 (+https://developers.facebook.com/docs/sharing/webmasters/crawler)"
66.228.56.140 - - [19/Sep/2025:14:20:12 +0200] "GET / HTTP/2" 200 190814 "-" "Better Uptime Bot Mozilla/5.0 (Windows NT 10.0; Win64; x64) AppleWebKit/537.36 (KHTML, like Gecko) Chrome/74.0.3729.169 Safari/537.36"
172.105.162.194 - - [19/Sep/2025:14:25:13 +0200] "GET / HTTP/2" 200 190814 "-" "Better Uptime Bot Mozilla/5.0 (Windows NT 10.0; Win64; x64) AppleWebKit/537.36 (KHTML, like Gecko) Chrome/74.0.3729.169 Safari/537.36"
91.107.221.68 - - [19/Sep/2025:14:30:12 +0200] "GET / HTTP/2" 200 190814 "-" "Better Uptime Bot Mozilla/5.0 (Windows NT 10.0; Win64; x64) AppleWebKit/537.36 (KHTML, like Gecko) Chrome/74.0.3729.169 Safari/537.36"
141.138.11.226 - - [19/Sep/2025:14:34:00 +0200] "GET / HTTP/2" 200 190814 "https://www.google.com/" "Mozilla/5.0 (Windows NT 10.0; Win64; x64) AppleWebKit/537.36 (KHTML, like Gecko) Chrome/140.0.0.0 Safari/537.36 Edg/140.0.0.0"
141.138.11.226 - - [19/Sep/2025:14:34:00 +0200] "GET /wp-includes/js/wp-emoji-release.min.js?ver=5.9 HTTP/2" 200 4539 "https://empl.io/" "Mozilla/5.0 (Windows NT 10.0; Win64; x64) AppleWebKit/537.36 (KHTML, like Gecko) Chrome/140.0.0.0 Safari/537.36 Edg/140.0.0.0"
141.138.11.226 - - [19/Sep/2025:14:34:00 +0200] "GET /wp-includes/js/jquery/jquery.min.js?ver=3.6.0 HTTP/2" 200 30273 "https://empl.io/" "Mozilla/5.0 (Windows NT 10.0; Win64; x64) AppleWebKit/537.36 (KHTML, like Gecko) Chrome/140.0.0.0 Safari/537.36 Edg/140.0.0.0"
141.138.11.226 - - [19/Sep/2025:14:34:00 +0200] "GET /wp-content/uploads/2021/11/empl-logo.png HTTP/2" 200 19752 "https://empl.io/" "Mozilla/5.0 (Windows NT 10.0; Win64; x64) AppleWebKit/537.36 (KHTML, like Gecko) Chrome/140.0.0.0 Safari/537.36 Edg/140.0.0.0"
141.138.11.226 - - [19/Sep/2025:14:34:00 +0200] "GET /wp-content/plugins/keydesign-addon/includes/wpbakery-extend/assets/css/iconsmind/fonts/Files-Class.woff?ver=5.9 HTTP/2" 200 20188 "https://empl.io/" "Mozilla/5.0 (Windows NT 10.0; Win64; x64) AppleWebKit/537.36 (KHTML, like Gecko) Chrome/140.0.0.0 Safari/537.36 Edg/140.0.0.0"
141.138.11.226 - - [19/Sep/2025:14:34:00 +0200] "GET /wp-content/plugins/keydesign-addon/includes/wpbakery-extend/assets/css/iconsmind/fonts/Video-Class.woff?ver=5.9 HTTP/2" 200 14680 "https://empl.io/" "Mozilla/5.0 (Windows NT 10.0; Win64; x64) AppleWebKit/537.36 (KHTML, like Gecko) Chrome/140.0.0.0 Safari/537.36 Edg/140.0.0.0"
141.138.11.226 - - [19/Sep/2025:14:34:00 +0200] "GET /wp-content/plugins/keydesign-addon/includes/wpbakery-extend/assets/css/iconsmind/fonts/Desktop-apps.woff?ver=5.9 HTTP/2" 200 14968 "https://empl.io/" "Mozilla/5.0 (Windows NT 10.0; Win64; x64) AppleWebKit/537.36 (KHTML, like Gecko) Chrome/140.0.0.0 Safari/537.36 Edg/140.0.0.0"
141.138.11.226 - - [19/Sep/2025:14:34:00 +0200] "GET /wp-content/plugins/keydesign-addon/includes/wpbakery-extend/assets/css/iconsmind/fonts/Shopping-E-commerce.woff?ver=5.9 HTTP/2" 200 20504 "https://empl.io/" "Mozilla/5.0 (Windows NT 10.0; Win64; x64) AppleWebKit/537.36 (KHTML, like Gecko) Chrome/140.0.0.0 Safari/537.36 Edg/140.0.0.0"
141.138.11.226 - - [19/Sep/2025:14:34:00 +0200] "GET /wp-content/plugins/keydesign-addon/includes/wpbakery-extend/assets/css/iconsmind/fonts/Design.woff?ver=5.9 HTTP/2" 200 16736 "https://empl.io/" "Mozilla/5.0 (Windows NT 10.0; Win64; x64) AppleWebKit/537.36 (KHTML, like Gecko) Chrome/140.0.0.0 Safari/537.36 Edg/140.0.0.0"
139.162.215.113 - - [19/Sep/2025:14:05:12 +0200] "GET / HTTP/2" 200 190813 "-" "Better Uptime Bot Mozilla/5.0 (Windows NT 10.0; Win64; x64) AppleWebKit/537.36 (KHTML, like Gecko) Chrome/74.0.3729.169 Safari/537.36"
172.105.162.194 - - [19/Sep/2025:14:15:13 +0200] "GET / HTTP/2" 200 190814 "-" "Better Uptime Bot Mozilla/5.0 (Windows NT 10.0; Win64; x64) AppleWebKit/537.36 (KHTML, like Gecko) Chrome/74.0.3729.169 Safari/537.36"
91.214.47.200 - - [19/Sep/2025:14:22:32 +0200] "GET / HTTP/1.1" 200 190814 "-" "Python/3.11 aiohttp/3.9.2"
141.138.11.226 - - [19/Sep/2025:14:34:00 +0200] "GET /wp-content/themes/sway/core/assets/fonts/sway-font.woff HTTP/3" 200 42880 "https://empl.io/" "Mozilla/5.0 (Windows NT 10.0; Win64; x64) AppleWebKit/537.36 (KHTML, like Gecko) Chrome/140.0.0.0 Safari/537.36 Edg/140.0.0.0"
141.138.11.226 - - [19/Sep/2025:14:34:00 +0200] "GET /wp-content/plugins/keydesign-addon/includes/wpbakery-extend/assets/css/iconsmind/fonts/Files-Class.woff HTTP/3" 200 20188 "https://empl.io/" "Mozilla/5.0 (Windows NT 10.0; Win64; x64) AppleWebKit/537.36 (KHTML, like Gecko) Chrome/140.0.0.0 Safari/537.36 Edg/140.0.0.0"
141.138.11.226 - - [19/Sep/2025:14:34:00 +0200] "GET /wp-content/plugins/keydesign-addon/includes/wpbakery-extend/assets/css/iconsmind/fonts/Video-Class.woff HTTP/3" 200 14680 "https://empl.io/" "Mozilla/5.0 (Windows NT 10.0; Win64; x64) AppleWebKit/537.36 (KHTML, like Gecko) Chrome/140.0.0.0 Safari/537.36 Edg/140.0.0.0"
141.138.11.226 - - [19/Sep/2025:14:34:00 +0200] "GET /wp-content/plugins/keydesign-addon/includes/wpbakery-extend/assets/css/iconsmind/fonts/Desktop-apps.woff HTTP/3" 200 14968 "https://empl.io/" "Mozilla/5.0 (Windows NT 10.0; Win64; x64) AppleWebKit/537.36 (KHTML, like Gecko) Chrome/140.0.0.0 Safari/537.36 Edg/140.0.0.0"
141.138.11.226 - - [19/Sep/2025:14:34:00 +0200] "GET /wp-content/plugins/keydesign-addon/includes/wpbakery-extend/assets/css/iconsmind/fonts/Shopping-E-commerce.woff HTTP/3" 200 20504 "https://empl.io/" "Mozilla/5.0 (Windows NT 10.0; Win64; x64) AppleWebKit/537.36 (KHTML, like Gecko) Chrome/140.0.0.0 Safari/537.36 Edg/140.0.0.0"
141.138.11.226 - - [19/Sep/2025:14:34:00 +0200] "GET /wp-content/plugins/keydesign-addon/includes/wpbakery-extend/assets/css/iconsmind/fonts/Design.woff HTTP/3" 200 16736 "https://empl.io/" "Mozilla/5.0 (Windows NT 10.0; Win64; x64) AppleWebKit/537.36 (KHTML, like Gecko) Chrome/140.0.0.0 Safari/537.36 Edg/140.0.0.0"
141.138.11.226 - - [19/Sep/2025:14:34:00 +0200] "GET /wp-content/plugins/keydesign-addon/includes/wpbakery-extend/assets/css/iconsmind/fonts/Business-Finance.woff HTTP/3" 200 21712 "https://empl.io/" "Mozilla/5.0 (Windows NT 10.0; Win64; x64) AppleWebKit/537.36 (KHTML, like Gecko) Chrome/140.0.0.0 Safari/537.36 Edg/140.0.0.0"
141.138.11.226 - - [19/Sep/2025:14:34:00 +0200] "GET /wp-content/plugins/keydesign-addon/includes/wpbakery-extend/assets/css/iconsmind/fonts/Communications-Network.woff HTTP/3" 200 12496 "https://empl.io/" "Mozilla/5.0 (Windows NT 10.0; Win64; x64) AppleWebKit/537.36 (KHTML, like Gecko) Chrome/140.0.0.0 Safari/537.36 Edg/140.0.0.0"
141.138.11.226 - - [19/Sep/2025:14:34:00 +0200] "GET /wp-content/plugins/keydesign-addon/includes/wpbakery-extend/assets/css/iconsmind/fonts/User-Interface.woff HTTP/3" 200 23468 "https://empl.io/" "Mozilla/5.0 (Windows NT 10.0; Win64; x64) AppleWebKit/537.36 (KHTML, like Gecko) Chrome/140.0.0.0 Safari/537.36 Edg/140.0.0.0"
141.138.11.226 - - [19/Sep/2025:14:34:00 +0200] "GET /wp-content/plugins/keydesign-addon/includes/wpbakery-extend/assets/css/iconsmind/fonts/Photos-Class.woff HTTP/3" 200 24284 "https://empl.io/" "Mozilla/5.0 (Windows NT 10.0; Win64; x64) AppleWebKit/537.36 (KHTML, like Gecko) Chrome/140.0.0.0 Safari/537.36 Edg/140.0.0.0"
141.138.11.226 - - [19/Sep/2025:14:34:01 +0200] "GET /wp-content/uploads/2022/02/empl-launch.png HTTP/3" 200 43379 "https://empl.io/" "Mozilla/5.0 (Windows NT 10.0; Win64; x64) AppleWebKit/537.36 (KHTML, like Gecko) Chrome/140.0.0.0 Safari/537.36 Edg/140.0.0.0"
141.138.11.226 - - [19/Sep/2025:14:34:00 +0200] "GET /wp-content/plugins/keydesign-addon/includes/wpbakery-extend/assets/css/iconsmind/fonts/Business-Finance.woff?ver=5.9 HTTP/2" 200 21712 "https://empl.io/" "Mozilla/5.0 (Windows NT 10.0; Win64; x64) AppleWebKit/537.36 (KHTML, like Gecko) Chrome/140.0.0.0 Safari/537.36 Edg/140.0.0.0"
141.138.11.226 - - [19/Sep/2025:14:34:00 +0200] "GET /wp-content/plugins/keydesign-addon/includes/wpbakery-extend/assets/css/iconsmind/fonts/Communications-Network.woff?ver=5.9 HTTP/2" 200 12496 "https://empl.io/" "Mozilla/5.0 (Windows NT 10.0; Win64; x64) AppleWebKit/537.36 (KHTML, like Gecko) Chrome/140.0.0.0 Safari/537.36 Edg/140.0.0.0"
141.138.11.226 - - [19/Sep/2025:14:34:00 +0200] "GET /wp-content/plugins/keydesign-addon/includes/wpbakery-extend/assets/css/iconsmind/fonts/User-Interface.woff?ver=5.9 HTTP/2" 200 23468 "https://empl.io/" "Mozilla/5.0 (Windows NT 10.0; Win64; x64) AppleWebKit/537.36 (KHTML, like Gecko) Chrome/140.0.0.0 Safari/537.36 Edg/140.0.0.0"
141.138.11.226 - - [19/Sep/2025:14:34:00 +0200] "GET /wp-content/plugins/keydesign-addon/includes/wpbakery-extend/assets/css/iconsmind/fonts/Photos-Class.woff?ver=5.9 HTTP/2" 200 24284 "https://empl.io/" "Mozilla/5.0 (Windows NT 10.0; Win64; x64) AppleWebKit/537.36 (KHTML, like Gecko) Chrome/140.0.0.0 Safari/537.36 Edg/140.0.0.0"
141.138.11.226 - - [19/Sep/2025:14:34:00 +0200] "GET /wp-includes/js/dist/vendor/regenerator-runtime.min.js?ver=0.13.9 HTTP/2" 200 2330 "https://empl.io/" "Mozilla/5.0 (Windows NT 10.0; Win64; x64) AppleWebKit/537.36 (KHTML, like Gecko) Chrome/140.0.0.0 Safari/537.36 Edg/140.0.0.0"
141.138.11.226 - - [19/Sep/2025:14:34:00 +0200] "GET /wp-includes/js/dist/vendor/wp-polyfill.min.js?ver=3.15.0 HTTP/2" 200 6810 "https://empl.io/" "Mozilla/5.0 (Windows NT 10.0; Win64; x64) AppleWebKit/537.36 (KHTML, like Gecko) Chrome/140.0.0.0 Safari/537.36 Edg/140.0.0.0"
141.138.11.226 - - [19/Sep/2025:14:34:00 +0200] "GET /wp-content/plugins/autoptimize/classes/external/js/lazysizes.min.js?ao_version=2.9.5.1 HTTP/2" 200 3973 "https://empl.io/" "Mozilla/5.0 (Windows NT 10.0; Win64; x64) AppleWebKit/537.36 (KHTML, like Gecko) Chrome/140.0.0.0 Safari/537.36 Edg/140.0.0.0"
141.138.11.226 - - [19/Sep/2025:14:34:00 +0200] "GET /wp-content/cache/autoptimize/js/autoptimize_528eb364549485612f073b35b03131b0.js HTTP/2" 200 185046 "https://empl.io/" "Mozilla/5.0 (Windows NT 10.0; Win64; x64) AppleWebKit/537.36 (KHTML, like Gecko) Chrome/140.0.0.0 Safari/537.36 Edg/140.0.0.0"
91.214.47.200 - - [19/Sep/2025:14:34:01 +0200] "POST /wp-cron.php?doing_wp_cron=1758285241.1139640808105468750000 HTTP/1.1" 200 20 "https://empl.io/wp-cron.php?doing_wp_cron=1758285241.1139640808105468750000" "WordPress/5.9; https://empl.io"
188.129.82.216 - - [19/Sep/2025:14:34:38 +0200] "GET / HTTP/2" 200 190814 "-" "Mozilla/5.0 (Windows NT 10.0; Win64; x64) AppleWebKit/537.36 (KHTML, like Gecko) Chrome/140.0.0.0 Safari/537.36"
188.129.82.216 - - [19/Sep/2025:14:34:38 +0200] "GET /wp-includes/js/wp-emoji-release.min.js?ver=5.9 HTTP/2" 200 4539 "https://empl.io/" "Mozilla/5.0 (Windows NT 10.0; Win64; x64) AppleWebKit/537.36 (KHTML, like Gecko) Chrome/140.0.0.0 Safari/537.36"
188.129.82.216 - - [19/Sep/2025:14:34:38 +0200] "GET /wp-includes/js/jquery/jquery.min.js?ver=3.6.0 HTTP/2" 200 30273 "https://empl.io/" "Mozilla/5.0 (Windows NT 10.0; Win64; x64) AppleWebKit/537.36 (KHTML, like Gecko) Chrome/140.0.0.0 Safari/537.36"
188.129.82.216 - - [19/Sep/2025:14:34:38 +0200] "GET /wp-content/plugins/keydesign-addon/includes/wpbakery-extend/assets/css/iconsmind/fonts/Files-Class.woff?ver=5.9 HTTP/2" 200 20188 "https://empl.io/" "Mozilla/5.0 (Windows NT 10.0; Win64; x64) AppleWebKit/537.36 (KHTML, like Gecko) Chrome/140.0.0.0 Safari/537.36"
188.129.82.216 - - [19/Sep/2025:14:34:38 +0200] "GET /wp-content/plugins/keydesign-addon/includes/wpbakery-extend/assets/css/iconsmind/fonts/Video-Class.woff?ver=5.9 HTTP/2" 200 14680 "https://empl.io/" "Mozilla/5.0 (Windows NT 10.0; Win64; x64) AppleWebKit/537.36 (KHTML, like Gecko) Chrome/140.0.0.0 Safari/537.36"
188.129.82.216 - - [19/Sep/2025:14:34:38 +0200] "GET /wp-content/plugins/keydesign-addon/includes/wpbakery-extend/assets/css/iconsmind/fonts/Desktop-apps.woff?ver=5.9 HTTP/2" 200 14968 "https://empl.io/" "Mozilla/5.0 (Windows NT 10.0; Win64; x64) AppleWebKit/537.36 (KHTML, like Gecko) Chrome/140.0.0.0 Safari/537.36"
188.129.82.216 - - [19/Sep/2025:14:34:38 +0200] "GET /wp-content/plugins/keydesign-addon/includes/wpbakery-extend/assets/css/iconsmind/fonts/Shopping-E-commerce.woff?ver=5.9 HTTP/2" 200 20504 "https://empl.io/" "Mozilla/5.0 (Windows NT 10.0; Win64; x64) AppleWebKit/537.36 (KHTML, like Gecko) Chrome/140.0.0.0 Safari/537.36"
188.129.82.216 - - [19/Sep/2025:14:34:38 +0200] "GET /wp-content/plugins/keydesign-addon/includes/wpbakery-extend/assets/css/iconsmind/fonts/Design.woff?ver=5.9 HTTP/2" 200 16736 "https://empl.io/" "Mozilla/5.0 (Windows NT 10.0; Win64; x64) AppleWebKit/537.36 (KHTML, like Gecko) Chrome/140.0.0.0 Safari/537.36"
188.129.82.216 - - [19/Sep/2025:14:34:38 +0200] "GET /wp-content/plugins/keydesign-addon/includes/wpbakery-extend/assets/css/iconsmind/fonts/Business-Finance.woff?ver=5.9 HTTP/2" 200 21712 "https://empl.io/" "Mozilla/5.0 (Windows NT 10.0; Win64; x64) AppleWebKit/537.36 (KHTML, like Gecko) Chrome/140.0.0.0 Safari/537.36"
188.129.82.216 - - [19/Sep/2025:14:34:38 +0200] "GET /wp-content/plugins/keydesign-addon/includes/wpbakery-extend/assets/css/iconsmind/fonts/Communications-Network.woff?ver=5.9 HTTP/2" 200 12496 "https://empl.io/" "Mozilla/5.0 (Windows NT 10.0; Win64; x64) AppleWebKit/537.36 (KHTML, like Gecko) Chrome/140.0.0.0 Safari/537.36"
188.129.82.216 - - [19/Sep/2025:14:34:38 +0200] "GET /wp-content/plugins/keydesign-addon/includes/wpbakery-extend/assets/css/iconsmind/fonts/User-Interface.woff?ver=5.9 HTTP/2" 200 23468 "https://empl.io/" "Mozilla/5.0 (Windows NT 10.0; Win64; x64) AppleWebKit/537.36 (KHTML, like Gecko) Chrome/140.0.0.0 Safari/537.36"
188.129.82.216 - - [19/Sep/2025:14:34:38 +0200] "GET /wp-content/plugins/keydesign-addon/includes/wpbakery-extend/assets/css/iconsmind/fonts/Photos-Class.woff?ver=5.9 HTTP/2" 200 24284 "https://empl.io/" "Mozilla/5.0 (Windows NT 10.0; Win64; x64) AppleWebKit/537.36 (KHTML, like Gecko) Chrome/140.0.0.0 Safari/537.36"
188.129.82.216 - - [19/Sep/2025:14:34:38 +0200] "GET /wp-content/uploads/2021/11/empl-logo.png HTTP/2" 200 19752 "https://empl.io/" "Mozilla/5.0 (Windows NT 10.0; Win64; x64) AppleWebKit/537.36 (KHTML, like Gecko) Chrome/140.0.0.0 Safari/537.36"
188.129.82.216 - - [19/Sep/2025:14:34:38 +0200] "GET /wp-includes/js/dist/vendor/regenerator-runtime.min.js?ver=0.13.9 HTTP/2" 200 2330 "https://empl.io/" "Mozilla/5.0 (Windows NT 10.0; Win64; x64) AppleWebKit/537.36 (KHTML, like Gecko) Chrome/140.0.0.0 Safari/537.36"
188.129.82.216 - - [19/Sep/2025:14:34:38 +0200] "GET /wp-includes/js/dist/vendor/wp-polyfill.min.js?ver=3.15.0 HTTP/2" 200 6810 "https://empl.io/" "Mozilla/5.0 (Windows NT 10.0; Win64; x64) AppleWebKit/537.36 (KHTML, like Gecko) Chrome/140.0.0.0 Safari/537.36"
188.129.82.216 - - [19/Sep/2025:14:34:38 +0200] "GET /wp-content/plugins/autoptimize/classes/external/js/lazysizes.min.js?ao_version=2.9.5.1 HTTP/2" 200 3973 "https://empl.io/" "Mozilla/5.0 (Windows NT 10.0; Win64; x64) AppleWebKit/537.36 (KHTML, like Gecko) Chrome/140.0.0.0 Safari/537.36"
188.129.82.216 - - [19/Sep/2025:14:34:38 +0200] "GET /wp-content/cache/autoptimize/js/autoptimize_528eb364549485612f073b35b03131b0.js HTTP/2" 200 185046 "https://empl.io/" "Mozilla/5.0 (Windows NT 10.0; Win64; x64) AppleWebKit/537.36 (KHTML, like Gecko) Chrome/140.0.0.0 Safari/537.36"
188.129.82.216 - - [19/Sep/2025:14:34:38 +0200] "GET /wp-content/themes/sway/core/assets/fonts/sway-font.woff HTTP/2" 200 42880 "https://empl.io/" "Mozilla/5.0 (Windows NT 10.0; Win64; x64) AppleWebKit/537.36 (KHTML, like Gecko) Chrome/140.0.0.0 Safari/537.36"
188.129.82.216 - - [19/Sep/2025:14:34:38 +0200] "GET /wp-content/plugins/keydesign-addon/includes/wpbakery-extend/assets/css/iconsmind/fonts/Files-Class.woff HTTP/2" 200 20188 "https://empl.io/" "Mozilla/5.0 (Windows NT 10.0; Win64; x64) AppleWebKit/537.36 (KHTML, like Gecko) Chrome/140.0.0.0 Safari/537.36"
188.129.82.216 - - [19/Sep/2025:14:34:38 +0200] "GET /wp-content/plugins/keydesign-addon/includes/wpbakery-extend/assets/css/iconsmind/fonts/Video-Class.woff HTTP/2" 200 14680 "https://empl.io/" "Mozilla/5.0 (Windows NT 10.0; Win64; x64) AppleWebKit/537.36 (KHTML, like Gecko) Chrome/140.0.0.0 Safari/537.36"
188.129.82.216 - - [19/Sep/2025:14:34:38 +0200] "GET /wp-content/plugins/keydesign-addon/includes/wpbakery-extend/assets/css/iconsmind/fonts/Desktop-apps.woff HTTP/2" 200 14968 "https://empl.io/" "Mozilla/5.0 (Windows NT 10.0; Win64; x64) AppleWebKit/537.36 (KHTML, like Gecko) Chrome/140.0.0.0 Safari/537.36"
188.129.82.216 - - [19/Sep/2025:14:34:38 +0200] "GET /wp-content/plugins/keydesign-addon/includes/wpbakery-extend/assets/css/iconsmind/fonts/Shopping-E-commerce.woff HTTP/2" 200 20504 "https://empl.io/" "Mozilla/5.0 (Windows NT 10.0; Win64; x64) AppleWebKit/537.36 (KHTML, like Gecko) Chrome/140.0.0.0 Safari/537.36"
188.129.82.216 - - [19/Sep/2025:14:34:38 +0200] "GET /wp-content/plugins/keydesign-addon/includes/wpbakery-extend/assets/css/iconsmind/fonts/Design.woff HTTP/2" 200 16736 "https://empl.io/" "Mozilla/5.0 (Windows NT 10.0; Win64; x64) AppleWebKit/537.36 (KHTML, like Gecko) Chrome/140.0.0.0 Safari/537.36"
188.129.82.216 - - [19/Sep/2025:14:34:38 +0200] "GET /wp-content/plugins/keydesign-addon/includes/wpbakery-extend/assets/css/iconsmind/fonts/Business-Finance.woff HTTP/2" 200 21712 "https://empl.io/" "Mozilla/5.0 (Windows NT 10.0; Win64; x64) AppleWebKit/537.36 (KHTML, like Gecko) Chrome/140.0.0.0 Safari/537.36"
188.129.82.216 - - [19/Sep/2025:14:34:38 +0200] "GET /wp-content/plugins/keydesign-addon/includes/wpbakery-extend/assets/css/iconsmind/fonts/Communications-Network.woff HTTP/2" 200 12496 "https://empl.io/" "Mozilla/5.0 (Windows NT 10.0; Win64; x64) AppleWebKit/537.36 (KHTML, like Gecko) Chrome/140.0.0.0 Safari/537.36"
188.129.82.216 - - [19/Sep/2025:14:34:38 +0200] "GET /wp-content/plugins/keydesign-addon/includes/wpbakery-extend/assets/css/iconsmind/fonts/User-Interface.woff HTTP/2" 200 23468 "https://empl.io/" "Mozilla/5.0 (Windows NT 10.0; Win64; x64) AppleWebKit/537.36 (KHTML, like Gecko) Chrome/140.0.0.0 Safari/537.36"
188.129.82.216 - - [19/Sep/2025:14:34:38 +0200] "GET /wp-content/plugins/keydesign-addon/includes/wpbakery-extend/assets/css/iconsmind/fonts/Photos-Class.woff HTTP/2" 200 24284 "https://empl.io/" "Mozilla/5.0 (Windows NT 10.0; Win64; x64) AppleWebKit/537.36 (KHTML, like Gecko) Chrome/140.0.0.0 Safari/537.36"
188.129.82.216 - - [19/Sep/2025:14:34:38 +0200] "GET /wp-content/uploads/2022/02/1045029661-preview.mp4?id=10523 HTTP/2" 404 131454 "https://empl.io/" "Mozilla/5.0 (Windows NT 10.0; Win64; x64) AppleWebKit/537.36 (KHTML, like Gecko) Chrome/140.0.0.0 Safari/537.36"
188.129.82.216 - - [19/Sep/2025:14:34:39 +0200] "GET /favicon.ico HTTP/2" 404 1251 "https://empl.io/" "Mozilla/5.0 (Windows NT 10.0; Win64; x64) AppleWebKit/537.36 (KHTML, like Gecko) Chrome/140.0.0.0 Safari/537.36"
188.129.82.216 - - [19/Sep/2025:14:34:39 +0200] "GET /wp-content/uploads/2022/02/empl-launch.png HTTP/2" 200 43379 "https://empl.io/" "Mozilla/5.0 (Windows NT 10.0; Win64; x64) AppleWebKit/537.36 (KHTML, like Gecko) Chrome/140.0.0.0 Safari/537.36"
188.129.82.216 - - [19/Sep/2025:14:34:39 +0200] "GET /wp-json/contact-form-7/v1/contact-forms/8718/refill HTTP/2" 200 22 "https://empl.io/" "Mozilla/5.0 (Windows NT 10.0; Win64; x64) AppleWebKit/537.36 (KHTML, like Gecko) Chrome/140.0.0.0 Safari/537.36"
66.228.56.189 - - [19/Sep/2025:14:35:13 +0200] "GET / HTTP/2" 200 190814 "-" "Better Uptime Bot Mozilla/5.0 (Windows NT 10.0; Win64; x64) AppleWebKit/537.36 (KHTML, like Gecko) Chrome/74.0.3729.169 Safari/537.36"
141.138.11.226 - - [19/Sep/2025:14:35:28 +0200] "GET /wp-content/uploads/2022/01/rasprava-virtualno-2-vise-sudionika.00_00_02_18.Still001-e1643621630164.jpg HTTP/3" 200 40553 "https://empl.io/" "Mozilla/5.0 (Windows NT 10.0; Win64; x64) AppleWebKit/537.36 (KHTML, like Gecko) Chrome/140.0.0.0 Safari/537.36 Edg/140.0.0.0"
141.138.11.226 - - [19/Sep/2025:14:35:31 +0200] "GET /wp-content/uploads/2022/01/hybrid-discussion-e1643621259769.jpg HTTP/3" 200 44566 "https://empl.io/" "Mozilla/5.0 (Windows NT 10.0; Win64; x64) AppleWebKit/537.36 (KHTML, like Gecko) Chrome/140.0.0.0 Safari/537.36 Edg/140.0.0.0"
141.138.11.226 - - [19/Sep/2025:14:35:32 +0200] "GET /wp-content/uploads/2022/01/onsite-discussion-e1643621505186.jpg HTTP/3" 200 47510 "https://empl.io/" "Mozilla/5.0 (Windows NT 10.0; Win64; x64) AppleWebKit/537.36 (KHTML, like Gecko) Chrome/140.0.0.0 Safari/537.36 Edg/140.0.0.0"
172.105.162.194 - - [19/Sep/2025:14:40:13 +0200] "GET / HTTP/2" 200 190814 "-" "Better Uptime Bot Mozilla/5.0 (Windows NT 10.0; Win64; x64) AppleWebKit/537.36 (KHTML, like Gecko) Chrome/74.0.3729.169 Safari/537.36"
91.214.47.200 - - [19/Sep/2025:14:45:13 +0200] "POST /wp-cron.php?doing_wp_cron=1758285913.7865450382232666015625 HTTP/1.1" 200 20 "https://empl.io/wp-cron.php?doing_wp_cron=1758285913.7865450382232666015625" "WordPress/5.9; https://empl.io"
172.105.162.194 - - [19/Sep/2025:14:45:13 +0200] "GET / HTTP/2" 200 98304 "-" "Better Uptime Bot Mozilla/5.0 (Windows NT 10.0; Win64; x64) AppleWebKit/537.36 (KHTML, like Gecko) Chrome/74.0.3729.169 Safari/537.36"
69.171.230.10 - - [19/Sep/2025:15:00:11 +0200] "GET /robots.txt HTTP/2" 200 67 "-" "facebookexternalhit/1.1 (+http://www.facebook.com/externalhit_uatext.php)"
66.228.56.140 - - [19/Sep/2025:15:05:12 +0200] "GET / HTTP/2" 200 190815 "-" "Better Uptime Bot Mozilla/5.0 (Windows NT 10.0; Win64; x64) AppleWebKit/537.36 (KHTML, like Gecko) Chrome/74.0.3729.169 Safari/537.36"
141.138.11.226 - - [19/Sep/2025:14:34:00 +0200] "GET /wp-content/uploads/2022/02/1045029661-preview.mp4?id=10523 HTTP/3" 404 131455 "https://empl.io/" "Mozilla/5.0 (Windows NT 10.0; Win64; x64) AppleWebKit/537.36 (KHTML, like Gecko) Chrome/140.0.0.0 Safari/537.36 Edg/140.0.0.0"
141.138.11.226 - - [19/Sep/2025:14:34:01 +0200] "GET /favicon.ico HTTP/3" 404 1251 "https://empl.io/" "Mozilla/5.0 (Windows NT 10.0; Win64; x64) AppleWebKit/537.36 (KHTML, like Gecko) Chrome/140.0.0.0 Safari/537.36 Edg/140.0.0.0"
141.138.11.226 - - [19/Sep/2025:14:34:01 +0200] "GET /wp-json/contact-form-7/v1/contact-forms/8718/refill HTTP/3" 200 22 "https://empl.io/" "Mozilla/5.0 (Windows NT 10.0; Win64; x64) AppleWebKit/537.36 (KHTML, like Gecko) Chrome/140.0.0.0 Safari/537.36 Edg/140.0.0.0"
66.228.56.189 - - [19/Sep/2025:14:50:12 +0200] "GET / HTTP/2" 200 190815 "-" "Better Uptime Bot Mozilla/5.0 (Windows NT 10.0; Win64; x64) AppleWebKit/537.36 (KHTML, like Gecko) Chrome/74.0.3729.169 Safari/537.36"
57.141.0.16 - - [19/Sep/2025:14:52:27 +0200] "GET /index.html HTTP/2" 404 800700 "-" "meta-externalagent/1.1 (+https://developers.facebook.com/docs/sharing/webmasters/crawler)"
91.214.47.200 - - [19/Sep/2025:14:52:34 +0200] "GET / HTTP/1.1" 200 190815 "-" "Python/3.11 aiohttp/3.9.2"
139.162.121.226 - - [19/Sep/2025:14:55:13 +0200] "GET / HTTP/2" 200 190815 "-" "Better Uptime Bot Mozilla/5.0 (Windows NT 10.0; Win64; x64) AppleWebKit/537.36 (KHTML, like Gecko) Chrome/74.0.3729.169 Safari/537.36"
91.214.47.200 - - [19/Sep/2025:15:00:10 +0200] "POST /wp-cron.php?doing_wp_cron=1758286810.6658389568328857421875 HTTP/1.1" 200 20 "https://empl.io/wp-cron.php?doing_wp_cron=1758286810.6658389568328857421875" "WordPress/5.9; https://empl.io"
69.171.230.10 - - [19/Sep/2025:15:00:10 +0200] "GET /robots.txt HTTP/2" 301 0 "-" "facebookexternalhit/1.1 (+http://www.facebook.com/externalhit_uatext.php)"
173.252.107.113 - - [19/Sep/2025:15:00:10 +0200] "GET /robots.txt HTTP/2" 301 0 "-" "facebookexternalhit/1.1 (+http://www.facebook.com/externalhit_uatext.php)"
173.252.107.113 - - [19/Sep/2025:15:00:11 +0200] "GET /robots.txt HTTP/2" 200 67 "-" "facebookexternalhit/1.1 (+http://www.facebook.com/externalhit_uatext.php)"
173.252.107.1 - - [19/Sep/2025:15:00:12 +0200] "GET /robots.txt HTTP/2" 301 0 "-" "facebookexternalhit/1.1 (+http://www.facebook.com/externalhit_uatext.php)"
139.162.58.253 - - [19/Sep/2025:15:00:13 +0200] "GET / HTTP/2" 200 190815 "-" "Better Uptime Bot Mozilla/5.0 (Windows NT 10.0; Win64; x64) AppleWebKit/537.36 (KHTML, like Gecko) Chrome/74.0.3729.169 Safari/537.36"
173.252.107.1 - - [19/Sep/2025:15:00:13 +0200] "GET /robots.txt HTTP/2" 200 67 "-" "facebookexternalhit/1.1 (+http://www.facebook.com/externalhit_uatext.php)"
57.141.0.28 - - [19/Sep/2025:15:00:14 +0200] "GET / HTTP/2" 301 0 "-" "meta-externalagent/1.1 (+https://developers.facebook.com/docs/sharing/webmasters/crawler)"
194.195.253.114 - - [19/Sep/2025:15:10:13 +0200] "GET / HTTP/2" 200 190815 "-" "Better Uptime Bot Mozilla/5.0 (Windows NT 10.0; Win64; x64) AppleWebKit/537.36 (KHTML, like Gecko) Chrome/74.0.3729.169 Safari/537.36"
139.162.215.113 - - [19/Sep/2025:15:15:12 +0200] "GET / HTTP/2" 200 190815 "-" "Better Uptime Bot Mozilla/5.0 (Windows NT 10.0; Win64; x64) AppleWebKit/537.36 (KHTML, like Gecko) Chrome/74.0.3729.169 Safari/537.36"
91.214.47.200 - - [19/Sep/2025:15:20:13 +0200] "POST /wp-cron.php?doing_wp_cron=1758288013.6456429958343505859375 HTTP/1.1" 200 20 "https://empl.io/wp-cron.php?doing_wp_cron=1758288013.6456429958343505859375" "WordPress/5.9; https://empl.io"
66.228.53.233 - - [19/Sep/2025:15:20:13 +0200] "GET / HTTP/2" 200 98304 "-" "Better Uptime Bot Mozilla/5.0 (Windows NT 10.0; Win64; x64) AppleWebKit/537.36 (KHTML, like Gecko) Chrome/74.0.3729.169 Safari/537.36"
91.214.47.200 - - [19/Sep/2025:15:22:35 +0200] "GET / HTTP/1.1" 200 190814 "-" "Python/3.11 aiohttp/3.9.2"
69.164.207.190 - - [19/Sep/2025:15:25:13 +0200] "GET / HTTP/2" 200 190814 "-" "Better Uptime Bot Mozilla/5.0 (Windows NT 10.0; Win64; x64) AppleWebKit/537.36 (KHTML, like Gecko) Chrome/74.0.3729.169 Safari/537.36"
194.195.253.114 - - [19/Sep/2025:15:30:13 +0200] "GET / HTTP/2" 200 190814 "-" "Better Uptime Bot Mozilla/5.0 (Windows NT 10.0; Win64; x64) AppleWebKit/537.36 (KHTML, like Gecko) Chrome/74.0.3729.169 Safari/537.36"
66.249.64.38 - - [19/Sep/2025:15:22:00 +0200] "GET /robots.txt HTTP/1.1" 200 69 "-" "Mozilla/5.0 (compatible; Googlebot/2.1; +http://www.google.com/bot.html)"