77.222.24.23 - - [19/Sep/2025:14:44:24 +0200] "GET /wp-content/uploads/2025/03/cropped-logo-transparent.png HTTP/2" 200 30814 "https://www.energyclinic.com/" "Mozilla/5.0 (iPhone; CPU iPhone OS 18_6 like Mac OS X) AppleWebKit/605.1.15 (KHTML, like Gecko) Version/26.0 Mobile/15E148 Safari/604.1"
91.214.47.200 - - [19/Sep/2025:14:44:29 +0200] "POST /wp-cron.php?doing_wp_cron=1758285869.9649910926818847656250 HTTP/1.1" 200 20 "-" "WordPress/6.8.2; https://www.energyclinic.com"
77.222.24.23 - - [19/Sep/2025:14:44:28 +0200] "GET /medical-wellness/ HTTP/2" 200 29655 "https://www.energyclinic.com/" "Mozilla/5.0 (iPhone; CPU iPhone OS 18_6 like Mac OS X) AppleWebKit/605.1.15 (KHTML, like Gecko) Version/26.0 Mobile/15E148 Safari/604.1"
77.222.24.23 - - [19/Sep/2025:14:44:30 +0200] "GET /wp-content/plugins/elementor/assets/css/widget-image.min.css?ver=3.28.4 HTTP/2" 200 119 "https://www.energyclinic.com/medical-wellness/" "Mozilla/5.0 (iPhone; CPU iPhone OS 18_6 like Mac OS X) AppleWebKit/605.1.15 (KHTML, like Gecko) Version/26.0 Mobile/15E148 Safari/604.1"
77.222.24.23 - - [19/Sep/2025:14:44:30 +0200] "GET /wp-content/plugins/trx_addons/components/cpt/testimonials/testimonials.css HTTP/2" 200 882 "https://www.energyclinic.com/medical-wellness/" "Mozilla/5.0 (iPhone; CPU iPhone OS 18_6 like Mac OS X) AppleWebKit/605.1.15 (KHTML, like Gecko) Version/26.0 Mobile/15E148 Safari/604.1"
77.222.24.23 - - [19/Sep/2025:14:44:30 +0200] "GET /wp-content/plugins/trx_addons/addons/qw-extension/css/qw_extension_testimonials.css HTTP/2" 200 952 "https://www.energyclinic.com/medical-wellness/" "Mozilla/5.0 (iPhone; CPU iPhone OS 18_6 like Mac OS X) AppleWebKit/605.1.15 (KHTML, like Gecko) Version/26.0 Mobile/15E148 Safari/604.1"
77.222.24.23 - - [19/Sep/2025:14:44:30 +0200] "GET /wp-content/plugins/trx_addons/addons/qw-extension/css/qw_extension_testimonials.responsive.css HTTP/2" 200 525 "https://www.energyclinic.com/medical-wellness/" "Mozilla/5.0 (iPhone; CPU iPhone OS 18_6 like Mac OS X) AppleWebKit/605.1.15 (KHTML, like Gecko) Version/26.0 Mobile/15E148 Safari/604.1"
77.222.24.23 - - [19/Sep/2025:14:44:30 +0200] "GET /wp-content/uploads/2023/09/white-texture-background-2.png HTTP/2" 200 549421 "https://www.energyclinic.com/medical-wellness/" "Mozilla/5.0 (iPhone; CPU iPhone OS 18_6 like Mac OS X) AppleWebKit/605.1.15 (KHTML, like Gecko) Version/26.0 Mobile/15E148 Safari/604.1"
77.222.24.23 - - [19/Sep/2025:14:44:30 +0200] "GET /wp-content/uploads/2025/03/26_Aminess_Khalani_Hotel_04_Pool_and_Beach_pool-and-beach-1-370x370.jpg HTTP/2" 200 20630 "https://www.energyclinic.com/medical-wellness/" "Mozilla/5.0 (iPhone; CPU iPhone OS 18_6 like Mac OS X) AppleWebKit/605.1.15 (KHTML, like Gecko) Version/26.0 Mobile/15E148 Safari/604.1"
77.222.24.23 - - [19/Sep/2025:14:44:31 +0200] "GET /wp-content/uploads/2023/09/aminess-khalani-beach-hotel_soba_01.06-1-2711008611-370x370.jpg HTTP/2" 200 23605 "https://www.energyclinic.com/medical-wellness/" "Mozilla/5.0 (iPhone; CPU iPhone OS 18_6 like Mac OS X) AppleWebKit/605.1.15 (KHTML, like Gecko) Version/26.0 Mobile/15E148 Safari/604.1"
77.222.24.23 - - [19/Sep/2025:14:44:31 +0200] "GET /wp-content/uploads/2023/09/170_2-overlay.png HTTP/2" 200 73468 "https://www.energyclinic.com/medical-wellness/" "Mozilla/5.0 (iPhone; CPU iPhone OS 18_6 like Mac OS X) AppleWebKit/605.1.15 (KHTML, like Gecko) Version/26.0 Mobile/15E148 Safari/604.1"
77.222.24.23 - - [19/Sep/2025:14:44:31 +0200] "GET /wp-content/uploads/2025/03/26_Aminess_Khalani_Hotel_04_Pool_and_Beach_pool-and-beach-2.jpg HTTP/2" 200 291078 "https://www.energyclinic.com/medical-wellness/" "Mozilla/5.0 (iPhone; CPU iPhone OS 18_6 like Mac OS X) AppleWebKit/605.1.15 (KHTML, like Gecko) Version/26.0 Mobile/15E148 Safari/604.1"
195.29.111.252 - - [19/Sep/2025:14:44:33 +0200] "POST /cpsess6501087859/3rdparty/roundcube/?_task=mail&_action=refresh HTTP/2" 200 1369 "https://webmail.energyclinic.com/cpsess6501087859/3rdparty/roundcube/?_task=mail&_mbox=INBOX.spam" "Mozilla/5.0 (Windows NT 10.0; Win64; x64) AppleWebKit/537.36 (KHTML, like Gecko) Chrome/140.0.0.0 Safari/537.36 Edg/140.0.0.0"
77.222.24.23 - - [19/Sep/2025:14:44:41 +0200] "GET /wp-content/uploads/elementor/thumbs/pexels-ron-lach-9154455-modified-r5qxmj3tft2ugtc9pepempe8oi5i2hgnxjn1v83o48.jpg HTTP/2" 200 19325 "https://www.energyclinic.com/medical-wellness/" "Mozilla/5.0 (iPhone; CPU iPhone OS 18_6 like Mac OS X) AppleWebKit/605.1.15 (KHTML, like Gecko) Version/26.0 Mobile/15E148 Safari/604.1"
77.222.24.23 - - [19/Sep/2025:14:44:41 +0200] "GET /wp-content/uploads/elementor/thumbs/POPULAR-9-r5qxm0b1n4d40m3kr6kv8u50ssq5sje16ylc9ovjko.jpg HTTP/2" 200 27430 "https://www.energyclinic.com/medical-wellness/" "Mozilla/5.0 (iPhone; CPU iPhone OS 18_6 like Mac OS X) AppleWebKit/605.1.15 (KHTML, like Gecko) Version/26.0 Mobile/15E148 Safari/604.1"
77.222.24.23 - - [19/Sep/2025:14:44:42 +0200] "GET /wp-content/uploads/elementor/thumbs/pexels-aulsh99-2860705-r5qxlvluoy6oekaeimjqedbptvdbq1vdibbwvb2ifs.jpg HTTP/2" 200 66611 "https://www.energyclinic.com/medical-wellness/" "Mozilla/5.0 (iPhone; CPU iPhone OS 18_6 like Mac OS X) AppleWebKit/605.1.15 (KHTML, like Gecko) Version/26.0 Mobile/15E148 Safari/604.1"
77.222.24.23 - - [19/Sep/2025:14:44:42 +0200] "GET /wp-content/uploads/elementor/thumbs/POPULAR-7-r5qxmeemhmweurj3guo9s8kxpksnzzy08wdmguamzc.jpg HTTP/2" 200 23657 "https://www.energyclinic.com/medical-wellness/" "Mozilla/5.0 (iPhone; CPU iPhone OS 18_6 like Mac OS X) AppleWebKit/605.1.15 (KHTML, like Gecko) Version/26.0 Mobile/15E148 Safari/604.1"
77.222.24.23 - - [19/Sep/2025:14:44:44 +0200] "GET /wp-content/uploads/2025/03/EC_brosura_amines_2024_preview_v3.pdf HTTP/2" 200 9761042 "https://www.energyclinic.com/medical-wellness/" "Mozilla/5.0 (iPhone; CPU iPhone OS 18_6 like Mac OS X) AppleWebKit/605.1.15 (KHTML, like Gecko) Version/26.0 Mobile/15E148 Safari/604.1"
195.29.111.252 - - [19/Sep/2025:14:45:33 +0200] "POST /cpsess6501087859/3rdparty/roundcube/?_task=mail&_action=refresh HTTP/2" 200 1369 "https://webmail.energyclinic.com/cpsess6501087859/3rdparty/roundcube/?_task=mail&_mbox=INBOX.spam" "Mozilla/5.0 (Windows NT 10.0; Win64; x64) AppleWebKit/537.36 (KHTML, like Gecko) Chrome/140.0.0.0 Safari/537.36 Edg/140.0.0.0"
195.29.111.252 - - [19/Sep/2025:14:46:33 +0200] "POST /cpsess6501087859/3rdparty/roundcube/?_task=mail&_action=refresh HTTP/2" 200 1370 "https://webmail.energyclinic.com/cpsess6501087859/3rdparty/roundcube/?_task=mail&_mbox=INBOX.spam" "Mozilla/5.0 (Windows NT 10.0; Win64; x64) AppleWebKit/537.36 (KHTML, like Gecko) Chrome/140.0.0.0 Safari/537.36 Edg/140.0.0.0"
195.29.111.252 - - [19/Sep/2025:14:47:33 +0200] "POST /cpsess6501087859/3rdparty/roundcube/?_task=mail&_action=refresh HTTP/2" 200 1369 "https://webmail.energyclinic.com/cpsess6501087859/3rdparty/roundcube/?_task=mail&_mbox=INBOX.spam" "Mozilla/5.0 (Windows NT 10.0; Win64; x64) AppleWebKit/537.36 (KHTML, like Gecko) Chrome/140.0.0.0 Safari/537.36 Edg/140.0.0.0"
195.29.111.252 - - [19/Sep/2025:14:48:33 +0200] "POST /cpsess6501087859/3rdparty/roundcube/?_task=mail&_action=refresh HTTP/2" 200 1368 "https://webmail.energyclinic.com/cpsess6501087859/3rdparty/roundcube/?_task=mail&_mbox=INBOX.spam" "Mozilla/5.0 (Windows NT 10.0; Win64; x64) AppleWebKit/537.36 (KHTML, like Gecko) Chrome/140.0.0.0 Safari/537.36 Edg/140.0.0.0"
195.29.111.252 - - [19/Sep/2025:14:49:33 +0200] "POST /cpsess6501087859/3rdparty/roundcube/?_task=mail&_action=refresh HTTP/2" 200 1369 "https://webmail.energyclinic.com/cpsess6501087859/3rdparty/roundcube/?_task=mail&_mbox=INBOX.spam" "Mozilla/5.0 (Windows NT 10.0; Win64; x64) AppleWebKit/537.36 (KHTML, like Gecko) Chrome/140.0.0.0 Safari/537.36 Edg/140.0.0.0"
195.29.111.252 - - [19/Sep/2025:14:50:33 +0200] "POST /cpsess6501087859/3rdparty/roundcube/?_task=mail&_action=refresh HTTP/2" 200 1369 "https://webmail.energyclinic.com/cpsess6501087859/3rdparty/roundcube/?_task=mail&_mbox=INBOX.spam" "Mozilla/5.0 (Windows NT 10.0; Win64; x64) AppleWebKit/537.36 (KHTML, like Gecko) Chrome/140.0.0.0 Safari/537.36 Edg/140.0.0.0"
195.29.111.252 - - [19/Sep/2025:14:51:33 +0200] "POST /cpsess6501087859/3rdparty/roundcube/?_task=mail&_action=refresh HTTP/2" 200 1369 "https://webmail.energyclinic.com/cpsess6501087859/3rdparty/roundcube/?_task=mail&_mbox=INBOX.spam" "Mozilla/5.0 (Windows NT 10.0; Win64; x64) AppleWebKit/537.36 (KHTML, like Gecko) Chrome/140.0.0.0 Safari/537.36 Edg/140.0.0.0"
168.119.178.203 - - [19/Sep/2025:14:52:14 +0200] "GET / HTTP/2" 200 25177 "-" "Better Uptime Bot Mozilla/5.0 (Windows NT 10.0; Win64; x64) AppleWebKit/537.36 (KHTML, like Gecko) Chrome/74.0.3729.169 Safari/537.36"
91.214.47.200 - - [19/Sep/2025:14:52:31 +0200] "GET / HTTP/1.1" 200 25180 "-" "Python/3.11 aiohttp/3.9.2"
195.29.111.252 - - [19/Sep/2025:14:52:33 +0200] "POST /cpsess6501087859/3rdparty/roundcube/?_task=mail&_action=refresh HTTP/2" 200 1368 "https://webmail.energyclinic.com/cpsess6501087859/3rdparty/roundcube/?_task=mail&_mbox=INBOX.spam" "Mozilla/5.0 (Windows NT 10.0; Win64; x64) AppleWebKit/537.36 (KHTML, like Gecko) Chrome/140.0.0.0 Safari/537.36 Edg/140.0.0.0"
195.29.111.252 - - [19/Sep/2025:14:53:33 +0200] "POST /cpsess6501087859/3rdparty/roundcube/?_task=mail&_action=refresh HTTP/2" 200 1369 "https://webmail.energyclinic.com/cpsess6501087859/3rdparty/roundcube/?_task=mail&_mbox=INBOX.spam" "Mozilla/5.0 (Windows NT 10.0; Win64; x64) AppleWebKit/537.36 (KHTML, like Gecko) Chrome/140.0.0.0 Safari/537.36 Edg/140.0.0.0"
195.29.111.252 - - [19/Sep/2025:14:54:33 +0200] "POST /cpsess6501087859/3rdparty/roundcube/?_task=mail&_action=refresh HTTP/2" 200 1369 "https://webmail.energyclinic.com/cpsess6501087859/3rdparty/roundcube/?_task=mail&_mbox=INBOX.spam" "Mozilla/5.0 (Windows NT 10.0; Win64; x64) AppleWebKit/537.36 (KHTML, like Gecko) Chrome/140.0.0.0 Safari/537.36 Edg/140.0.0.0"
195.29.111.252 - - [19/Sep/2025:14:55:33 +0200] "POST /cpsess6501087859/3rdparty/roundcube/?_task=mail&_action=refresh HTTP/2" 200 1369 "https://webmail.energyclinic.com/cpsess6501087859/3rdparty/roundcube/?_task=mail&_mbox=INBOX.spam" "Mozilla/5.0 (Windows NT 10.0; Win64; x64) AppleWebKit/537.36 (KHTML, like Gecko) Chrome/140.0.0.0 Safari/537.36 Edg/140.0.0.0"
195.29.111.252 - - [19/Sep/2025:14:56:33 +0200] "POST /cpsess6501087859/3rdparty/roundcube/?_task=mail&_action=refresh HTTP/2" 200 1370 "https://webmail.energyclinic.com/cpsess6501087859/3rdparty/roundcube/?_task=mail&_mbox=INBOX.spam" "Mozilla/5.0 (Windows NT 10.0; Win64; x64) AppleWebKit/537.36 (KHTML, like Gecko) Chrome/140.0.0.0 Safari/537.36 Edg/140.0.0.0"
195.29.111.252 - - [19/Sep/2025:14:57:33 +0200] "POST /cpsess6501087859/3rdparty/roundcube/?_task=mail&_action=refresh HTTP/2" 200 1369 "https://webmail.energyclinic.com/cpsess6501087859/3rdparty/roundcube/?_task=mail&_mbox=INBOX.spam" "Mozilla/5.0 (Windows NT 10.0; Win64; x64) AppleWebKit/537.36 (KHTML, like Gecko) Chrome/140.0.0.0 Safari/537.36 Edg/140.0.0.0"
195.29.111.252 - - [19/Sep/2025:14:58:33 +0200] "POST /cpsess6501087859/3rdparty/roundcube/?_task=mail&_action=refresh HTTP/2" 200 1368 "https://webmail.energyclinic.com/cpsess6501087859/3rdparty/roundcube/?_task=mail&_mbox=INBOX.spam" "Mozilla/5.0 (Windows NT 10.0; Win64; x64) AppleWebKit/537.36 (KHTML, like Gecko) Chrome/140.0.0.0 Safari/537.36 Edg/140.0.0.0"
195.29.111.252 - - [19/Sep/2025:14:59:33 +0200] "POST /cpsess6501087859/3rdparty/roundcube/?_task=mail&_action=refresh HTTP/2" 200 1368 "https://webmail.energyclinic.com/cpsess6501087859/3rdparty/roundcube/?_task=mail&_mbox=INBOX.spam" "Mozilla/5.0 (Windows NT 10.0; Win64; x64) AppleWebKit/537.36 (KHTML, like Gecko) Chrome/140.0.0.0 Safari/537.36 Edg/140.0.0.0"
195.29.111.252 - - [19/Sep/2025:15:00:33 +0200] "POST /cpsess6501087859/3rdparty/roundcube/?_task=mail&_action=refresh HTTP/2" 200 1369 "https://webmail.energyclinic.com/cpsess6501087859/3rdparty/roundcube/?_task=mail&_mbox=INBOX.spam" "Mozilla/5.0 (Windows NT 10.0; Win64; x64) AppleWebKit/537.36 (KHTML, like Gecko) Chrome/140.0.0.0 Safari/537.36 Edg/140.0.0.0"
195.29.111.252 - - [19/Sep/2025:15:01:33 +0200] "POST /cpsess6501087859/3rdparty/roundcube/?_task=mail&_action=refresh HTTP/2" 200 1370 "https://webmail.energyclinic.com/cpsess6501087859/3rdparty/roundcube/?_task=mail&_mbox=INBOX.spam" "Mozilla/5.0 (Windows NT 10.0; Win64; x64) AppleWebKit/537.36 (KHTML, like Gecko) Chrome/140.0.0.0 Safari/537.36 Edg/140.0.0.0"
168.119.178.203 - - [19/Sep/2025:15:02:13 +0200] "GET / HTTP/2" 200 25182 "-" "Better Uptime Bot Mozilla/5.0 (Windows NT 10.0; Win64; x64) AppleWebKit/537.36 (KHTML, like Gecko) Chrome/74.0.3729.169 Safari/537.36"
195.29.111.252 - - [19/Sep/2025:15:02:33 +0200] "POST /cpsess6501087859/3rdparty/roundcube/?_task=mail&_action=refresh HTTP/2" 200 1370 "https://webmail.energyclinic.com/cpsess6501087859/3rdparty/roundcube/?_task=mail&_mbox=INBOX.spam" "Mozilla/5.0 (Windows NT 10.0; Win64; x64) AppleWebKit/537.36 (KHTML, like Gecko) Chrome/140.0.0.0 Safari/537.36 Edg/140.0.0.0"
195.29.111.252 - - [19/Sep/2025:15:03:33 +0200] "POST /cpsess6501087859/3rdparty/roundcube/?_task=mail&_action=refresh HTTP/2" 200 1369 "https://webmail.energyclinic.com/cpsess6501087859/3rdparty/roundcube/?_task=mail&_mbox=INBOX.spam" "Mozilla/5.0 (Windows NT 10.0; Win64; x64) AppleWebKit/537.36 (KHTML, like Gecko) Chrome/140.0.0.0 Safari/537.36 Edg/140.0.0.0"
195.29.111.252 - - [19/Sep/2025:15:04:33 +0200] "POST /cpsess6501087859/3rdparty/roundcube/?_task=mail&_action=refresh HTTP/2" 200 1369 "https://webmail.energyclinic.com/cpsess6501087859/3rdparty/roundcube/?_task=mail&_mbox=INBOX.spam" "Mozilla/5.0 (Windows NT 10.0; Win64; x64) AppleWebKit/537.36 (KHTML, like Gecko) Chrome/140.0.0.0 Safari/537.36 Edg/140.0.0.0"
195.29.111.252 - - [19/Sep/2025:15:05:33 +0200] "POST /cpsess6501087859/3rdparty/roundcube/?_task=mail&_action=refresh HTTP/2" 200 1369 "https://webmail.energyclinic.com/cpsess6501087859/3rdparty/roundcube/?_task=mail&_mbox=INBOX.spam" "Mozilla/5.0 (Windows NT 10.0; Win64; x64) AppleWebKit/537.36 (KHTML, like Gecko) Chrome/140.0.0.0 Safari/537.36 Edg/140.0.0.0"
195.29.111.252 - - [19/Sep/2025:15:06:33 +0200] "POST /cpsess6501087859/3rdparty/roundcube/?_task=mail&_action=refresh HTTP/2" 200 1369 "https://webmail.energyclinic.com/cpsess6501087859/3rdparty/roundcube/?_task=mail&_mbox=INBOX.spam" "Mozilla/5.0 (Windows NT 10.0; Win64; x64) AppleWebKit/537.36 (KHTML, like Gecko) Chrome/140.0.0.0 Safari/537.36 Edg/140.0.0.0"
66.249.70.67 - - [19/Sep/2025:14:03:28 +0200] "GET /feed/ HTTP/1.1" 301 20 "-" "Mozilla/5.0 (Linux; Android 6.0.1; Nexus 5X Build/MMB29P) AppleWebKit/537.36 (KHTML, like Gecko) Chrome/140.0.7339.127 Mobile Safari/537.36 (compatible; Googlebot/2.1; +http://www.google.com/bot.html)"
192.178.4.101 - - [19/Sep/2025:14:03:29 +0200] "GET /feed/ HTTP/1.1" 200 6769 "-" "Mozilla/5.0 (Linux; Android 6.0.1; Nexus 5X Build/MMB29P) AppleWebKit/537.36 (KHTML, like Gecko) Chrome/140.0.7339.127 Mobile Safari/537.36 (compatible; Googlebot/2.1; +http://www.google.com/bot.html)"
57.141.0.22 - - [19/Sep/2025:14:10:50 +0200] "GET /tour-item/hotel-atlantic-kempinski/ HTTP/2" 301 0 "-" "meta-externalagent/1.1 (+https://developers.facebook.com/docs/sharing/webmasters/crawler)"
91.214.47.200 - - [19/Sep/2025:14:10:55 +0200] "POST /wp-cron.php?doing_wp_cron=1758283855.4017169475555419921875 HTTP/1.1" 200 20 "-" "WordPress/6.8.2; https://www.energyclinic.com"
57.141.0.18 - - [19/Sep/2025:14:10:54 +0200] "GET /tour-item/hotel-atlantic-kempinski/ HTTP/2" 404 163619 "-" "meta-externalagent/1.1 (+https://developers.facebook.com/docs/sharing/webmasters/crawler)"
168.119.178.203 - - [19/Sep/2025:14:12:12 +0200] "GET / HTTP/2" 301 20 "-" "Better Uptime Bot Mozilla/5.0 (Windows NT 10.0; Win64; x64) AppleWebKit/537.36 (KHTML, like Gecko) Chrome/74.0.3729.169 Safari/537.36"
168.119.178.203 - - [19/Sep/2025:14:12:12 +0200] "GET / HTTP/2" 200 25174 "-" "Better Uptime Bot Mozilla/5.0 (Windows NT 10.0; Win64; x64) AppleWebKit/537.36 (KHTML, like Gecko) Chrome/74.0.3729.169 Safari/537.36"
91.214.47.200 - - [19/Sep/2025:14:22:14 +0200] "POST /wp-cron.php?doing_wp_cron=1758284534.9477720260620117187500 HTTP/1.1" 200 20 "-" "WordPress/6.8.2; https://www.energyclinic.com"
139.162.215.113 - - [19/Sep/2025:14:22:12 +0200] "GET / HTTP/2" 301 20 "-" "Better Uptime Bot Mozilla/5.0 (Windows NT 10.0; Win64; x64) AppleWebKit/537.36 (KHTML, like Gecko) Chrome/74.0.3729.169 Safari/537.36"
139.162.215.113 - - [19/Sep/2025:14:22:15 +0200] "GET / HTTP/2" 200 25177 "-" "Better Uptime Bot Mozilla/5.0 (Windows NT 10.0; Win64; x64) AppleWebKit/537.36 (KHTML, like Gecko) Chrome/74.0.3729.169 Safari/537.36"
91.214.47.200 - - [19/Sep/2025:14:32:15 +0200] "POST /wp-cron.php?doing_wp_cron=1758285135.5254778861999511718750 HTTP/1.1" 200 20 "-" "WordPress/6.8.2; https://www.energyclinic.com"
139.162.215.114 - - [19/Sep/2025:14:32:13 +0200] "GET / HTTP/2" 301 20 "-" "Better Uptime Bot Mozilla/5.0 (Windows NT 10.0; Win64; x64) AppleWebKit/537.36 (KHTML, like Gecko) Chrome/74.0.3729.169 Safari/537.36"
168.119.178.203 - - [19/Sep/2025:14:42:12 +0200] "GET / HTTP/2" 301 20 "-" "Better Uptime Bot Mozilla/5.0 (Windows NT 10.0; Win64; x64) AppleWebKit/537.36 (KHTML, like Gecko) Chrome/74.0.3729.169 Safari/537.36"
168.119.178.203 - - [19/Sep/2025:14:42:14 +0200] "GET / HTTP/2" 200 25176 "-" "Better Uptime Bot Mozilla/5.0 (Windows NT 10.0; Win64; x64) AppleWebKit/537.36 (KHTML, like Gecko) Chrome/74.0.3729.169 Safari/537.36"
91.214.47.200 - - [19/Sep/2025:14:52:14 +0200] "POST /wp-cron.php?doing_wp_cron=1758286334.1999919414520263671875 HTTP/1.1" 200 20 "-" "WordPress/6.8.2; https://www.energyclinic.com"
168.119.178.203 - - [19/Sep/2025:14:52:12 +0200] "GET / HTTP/2" 301 20 "-" "Better Uptime Bot Mozilla/5.0 (Windows NT 10.0; Win64; x64) AppleWebKit/537.36 (KHTML, like Gecko) Chrome/74.0.3729.169 Safari/537.36"
91.214.47.200 - - [19/Sep/2025:15:02:13 +0200] "POST /wp-cron.php?doing_wp_cron=1758286933.8438930511474609375000 HTTP/1.1" 200 20 "-" "WordPress/6.8.2; https://www.energyclinic.com"
168.119.178.203 - - [19/Sep/2025:15:02:12 +0200] "GET / HTTP/2" 301 20 "-" "Better Uptime Bot Mozilla/5.0 (Windows NT 10.0; Win64; x64) AppleWebKit/537.36 (KHTML, like Gecko) Chrome/74.0.3729.169 Safari/537.36"
91.214.47.200 - - [19/Sep/2025:15:12:14 +0200] "POST /wp-cron.php?doing_wp_cron=1758287534.7626230716705322265625 HTTP/1.1" 200 20 "-" "WordPress/6.8.2; https://www.energyclinic.com"
91.107.221.68 - - [19/Sep/2025:15:12:14 +0200] "GET / HTTP/2" 200 25179 "-" "Better Uptime Bot Mozilla/5.0 (Windows NT 10.0; Win64; x64) AppleWebKit/537.36 (KHTML, like Gecko) Chrome/74.0.3729.169 Safari/537.36"
173.252.95.19 - - [19/Sep/2025:15:13:06 +0200] "GET /robots.txt HTTP/2" 200 31 "-" "facebookexternalhit/1.1 (+http://www.facebook.com/externalhit_uatext.php)"
173.252.95.19 - - [19/Sep/2025:15:13:06 +0200] "GET /robots.txt HTTP/2" 200 31 "-" "facebookexternalhit/1.1 (+http://www.facebook.com/externalhit_uatext.php)"
91.214.47.200 - - [19/Sep/2025:15:13:11 +0200] "POST /wp-cron.php?doing_wp_cron=1758287591.5012719631195068359375 HTTP/1.1" 200 20 "-" "WordPress/6.8.2; https://www.energyclinic.com"
173.252.95.19 - - [19/Sep/2025:15:13:11 +0200] "GET / HTTP/2" 301 0 "-" "facebookexternalhit/1.1 (+http://www.facebook.com/externalhit_uatext.php)"
173.252.95.114 - - [19/Sep/2025:15:13:11 +0200] "GET /meta.json HTTP/2" 301 0 "-" "facebookexternalhit/1.1 (+http://www.facebook.com/externalhit_uatext.php)"
91.214.47.200 - - [19/Sep/2025:15:13:12 +0200] "POST /wp-cron.php?doing_wp_cron=1758287592.4356589317321777343750 HTTP/1.1" 200 20 "-" "WordPress/6.8.2; https://www.energyclinic.com"
173.252.95.35 - - [19/Sep/2025:15:13:12 +0200] "GET / HTTP/2" 200 140365 "-" "facebookexternalhit/1.1 (+http://www.facebook.com/externalhit_uatext.php)"
91.107.221.68 - - [19/Sep/2025:15:12:12 +0200] "GET / HTTP/2" 301 20 "-" "Better Uptime Bot Mozilla/5.0 (Windows NT 10.0; Win64; x64) AppleWebKit/537.36 (KHTML, like Gecko) Chrome/74.0.3729.169 Safari/537.36"
173.252.95.16 - - [19/Sep/2025:15:13:06 +0200] "GET /robots.txt HTTP/2" 200 31 "-" "facebookexternalhit/1.1 (+http://www.facebook.com/externalhit_uatext.php)"
91.214.47.200 - - [19/Sep/2025:15:13:11 +0200] "POST /wp-cron.php?doing_wp_cron=1758287591.5012719631195068359375 HTTP/1.1" 200 20 "-" "WordPress/6.8.2; https://www.energyclinic.com"
173.252.95.116 - - [19/Sep/2025:15:13:10 +0200] "GET / HTTP/2" 301 0 "-" "facebookexternalhit/1.1 (+http://www.facebook.com/externalhit_uatext.php)"
173.252.95.45 - - [19/Sep/2025:15:13:12 +0200] "GET /meta.json HTTP/2" 404 163415 "-" "facebookexternalhit/1.1 (+http://www.facebook.com/externalhit_uatext.php)"
173.252.95.112 - - [19/Sep/2025:15:13:12 +0200] "GET / HTTP/2" 200 140360 "-" "facebookexternalhit/1.1 (+http://www.facebook.com/externalhit_uatext.php)"
91.214.47.200 - - [19/Sep/2025:15:16:55 +0200] "POST /wp-cron.php?doing_wp_cron=1758287815.4306070804595947265625 HTTP/1.1" 200 20 "-" "WordPress/6.8.2; https://www.energyclinic.com"
154.82.28.109 - - [19/Sep/2025:15:16:53 +0200] "GET /product/hydra-logic-tonic-250ml/ HTTP/2" 301 20 "-" "Mozilla/5.0 (Linux; Android 8.0; Pixel 2 Build/OPD3.170816.012) AppleWebKit/537.36 (KHTML, like Gecko) Chrome/42.0.1564.1030 Mobile Safari/537.36"
91.214.47.200 - - [19/Sep/2025:15:17:02 +0200] "POST /wp-cron.php?doing_wp_cron=1758287822.1630780696868896484375 HTTP/1.1" 200 20 "-" "WordPress/6.8.2; https://www.energyclinic.com"
161.123.149.159 - - [19/Sep/2025:15:17:01 +0200] "GET /product/hydra-logic-tonic-250ml/ HTTP/2" 404 28501 "-" "Mozilla/5.0 (Linux; Android 8.0; Pixel 2 Build/OPD3.170816.012) AppleWebKit/537.36 (KHTML, like Gecko) Chrome/42.0.1564.1030 Mobile Safari/537.36"
139.162.215.113 - - [19/Sep/2025:15:22:12 +0200] "GET / HTTP/2" 301 20 "-" "Better Uptime Bot Mozilla/5.0 (Windows NT 10.0; Win64; x64) AppleWebKit/537.36 (KHTML, like Gecko) Chrome/74.0.3729.169 Safari/537.36"
139.162.215.113 - - [19/Sep/2025:15:22:14 +0200] "GET / HTTP/2" 200 25177 "-" "Better Uptime Bot Mozilla/5.0 (Windows NT 10.0; Win64; x64) AppleWebKit/537.36 (KHTML, like Gecko) Chrome/74.0.3729.169 Safari/537.36"
139.162.215.114 - - [19/Sep/2025:15:32:13 +0200] "GET / HTTP/2" 200 25176 "-" "Better Uptime Bot Mozilla/5.0 (Windows NT 10.0; Win64; x64) AppleWebKit/537.36 (KHTML, like Gecko) Chrome/74.0.3729.169 Safari/537.36"
91.214.47.200 - - [19/Sep/2025:15:22:14 +0200] "POST /wp-cron.php?doing_wp_cron=1758288134.2241539955139160156250 HTTP/1.1" 200 20 "-" "WordPress/6.8.2; https://www.energyclinic.com"
91.214.47.200 - - [19/Sep/2025:15:22:32 +0200] "GET / HTTP/1.1" 200 25183 "-" "Python/3.11 aiohttp/3.9.2"
91.214.47.200 - - [19/Sep/2025:15:32:13 +0200] "POST /wp-cron.php?doing_wp_cron=1758288733.6304879188537597656250 HTTP/1.1" 200 20 "-" "WordPress/6.8.2; https://www.energyclinic.com"
139.162.215.114 - - [19/Sep/2025:15:32:13 +0200] "GET / HTTP/2" 301 20 "-" "Better Uptime Bot Mozilla/5.0 (Windows NT 10.0; Win64; x64) AppleWebKit/537.36 (KHTML, like Gecko) Chrome/74.0.3729.169 Safari/537.36"