156.248.84.81 - - [19/Sep/2025:14:55:35 +0200] "POST //xmlrpc.php HTTP/1.1" 200 225 "-" "Mozilla/5.0 (Windows NT 10.0; Win64; x64) AppleWebKit/537.36 (KHTML, like Gecko) Chrome/78.0.3904.108 Safari/537.36"
156.248.84.81 - - [19/Sep/2025:14:53:31 +0200] "POST //xmlrpc.php HTTP/1.1" 200 225 "-" "Mozilla/5.0 (Windows NT 10.0; Win64; x64) AppleWebKit/537.36 (KHTML, like Gecko) Chrome/78.0.3904.108 Safari/537.36"
156.248.84.81 - - [19/Sep/2025:14:53:45 +0200] "POST //xmlrpc.php HTTP/1.1" 200 225 "-" "Mozilla/5.0 (Windows NT 10.0; Win64; x64) AppleWebKit/537.36 (KHTML, like Gecko) Chrome/78.0.3904.108 Safari/537.36"
107.20.236.150 - - [19/Sep/2025:14:53:51 +0200] "GET /robots.txt HTTP/1.1" 200 93 "-" "Mozilla/5.0 AppleWebKit/537.36 (KHTML, like Gecko; compatible; PerplexityBot/1.0; +https://perplexity.ai/perplexitybot)"
91.214.47.200 - - [19/Sep/2025:14:54:00 +0200] "POST /wp-cron.php?doing_wp_cron=1758286440.9131109714508056640625 HTTP/1.1" 200 20 "https://get2.events/wp-cron.php?doing_wp_cron=1758286440.9131109714508056640625" "WordPress/5.4.2; https://get2.events"
156.248.84.81 - - [19/Sep/2025:14:53:49 +0200] "POST //xmlrpc.php HTTP/1.1" 200 225 "-" "Mozilla/5.0 (Windows NT 10.0; Win64; x64) AppleWebKit/537.36 (KHTML, like Gecko) Chrome/78.0.3904.108 Safari/537.36"
156.248.84.81 - - [19/Sep/2025:14:54:01 +0200] "POST //xmlrpc.php HTTP/1.1" 200 225 "-" "Mozilla/5.0 (Windows NT 10.0; Win64; x64) AppleWebKit/537.36 (KHTML, like Gecko) Chrome/78.0.3904.108 Safari/537.36"
156.248.84.81 - - [19/Sep/2025:14:54:05 +0200] "POST //xmlrpc.php HTTP/1.1" 200 225 "-" "Mozilla/5.0 (Windows NT 10.0; Win64; x64) AppleWebKit/537.36 (KHTML, like Gecko) Chrome/78.0.3904.108 Safari/537.36"
156.248.84.81 - - [19/Sep/2025:14:54:20 +0200] "POST //xmlrpc.php HTTP/1.1" 200 225 "-" "Mozilla/5.0 (Windows NT 10.0; Win64; x64) AppleWebKit/537.36 (KHTML, like Gecko) Chrome/78.0.3904.108 Safari/537.36"
156.248.84.81 - - [19/Sep/2025:14:54:34 +0200] "POST //xmlrpc.php HTTP/1.1" 200 225 "-" "Mozilla/5.0 (Windows NT 10.0; Win64; x64) AppleWebKit/537.36 (KHTML, like Gecko) Chrome/78.0.3904.108 Safari/537.36"
156.248.84.81 - - [19/Sep/2025:14:54:45 +0200] "POST //xmlrpc.php HTTP/1.1" 200 225 "-" "Mozilla/5.0 (Windows NT 10.0; Win64; x64) AppleWebKit/537.36 (KHTML, like Gecko) Chrome/78.0.3904.108 Safari/537.36"
91.214.47.200 - - [19/Sep/2025:14:55:00 +0200] "POST /wp-cron.php?doing_wp_cron=1758286500.2560980319976806640625 HTTP/1.1" 200 20 "https://get2.events/wp-cron.php?doing_wp_cron=1758286500.2560980319976806640625" "WordPress/5.4.2; https://get2.events"
156.248.84.81 - - [19/Sep/2025:14:54:50 +0200] "POST //xmlrpc.php HTTP/1.1" 200 225 "-" "Mozilla/5.0 (Windows NT 10.0; Win64; x64) AppleWebKit/537.36 (KHTML, like Gecko) Chrome/78.0.3904.108 Safari/537.36"
156.248.84.81 - - [19/Sep/2025:14:55:04 +0200] "POST //xmlrpc.php HTTP/1.1" 200 225 "-" "Mozilla/5.0 (Windows NT 10.0; Win64; x64) AppleWebKit/537.36 (KHTML, like Gecko) Chrome/78.0.3904.108 Safari/537.36"
156.248.84.81 - - [19/Sep/2025:14:55:16 +0200] "POST //xmlrpc.php HTTP/1.1" 200 225 "-" "Mozilla/5.0 (Windows NT 10.0; Win64; x64) AppleWebKit/537.36 (KHTML, like Gecko) Chrome/78.0.3904.108 Safari/537.36"
156.248.84.81 - - [19/Sep/2025:14:55:45 +0200] "POST //xmlrpc.php HTTP/1.1" 200 225 "-" "Mozilla/5.0 (Windows NT 10.0; Win64; x64) AppleWebKit/537.36 (KHTML, like Gecko) Chrome/78.0.3904.108 Safari/537.36"
91.107.221.68 - - [19/Sep/2025:14:56:02 +0200] "GET / HTTP/1.1" 200 135654 "-" "Better Uptime Bot Mozilla/5.0 (Windows NT 10.0; Win64; x64) AppleWebKit/537.36 (KHTML, like Gecko) Chrome/74.0.3729.169 Safari/537.36"
156.248.84.81 - - [19/Sep/2025:14:56:01 +0200] "POST //xmlrpc.php HTTP/1.1" 200 225 "-" "Mozilla/5.0 (Windows NT 10.0; Win64; x64) AppleWebKit/537.36 (KHTML, like Gecko) Chrome/78.0.3904.108 Safari/537.36"
156.248.84.81 - - [19/Sep/2025:14:56:15 +0200] "POST //xmlrpc.php HTTP/1.1" 200 225 "-" "Mozilla/5.0 (Windows NT 10.0; Win64; x64) AppleWebKit/537.36 (KHTML, like Gecko) Chrome/78.0.3904.108 Safari/537.36"
156.248.84.81 - - [19/Sep/2025:14:56:19 +0200] "POST //xmlrpc.php HTTP/1.1" 200 225 "-" "Mozilla/5.0 (Windows NT 10.0; Win64; x64) AppleWebKit/537.36 (KHTML, like Gecko) Chrome/78.0.3904.108 Safari/537.36"
91.214.47.200 - - [19/Sep/2025:14:56:00 +0200] "POST /wp-cron.php?doing_wp_cron=1758286560.7919919490814208984375 HTTP/1.1" 200 20 "https://get2.events/wp-cron.php?doing_wp_cron=1758286560.7919919490814208984375" "WordPress/5.4.2; https://get2.events"
156.248.84.81 - - [19/Sep/2025:14:55:49 +0200] "POST //xmlrpc.php HTTP/1.1" 200 225 "-" "Mozilla/5.0 (Windows NT 10.0; Win64; x64) AppleWebKit/537.36 (KHTML, like Gecko) Chrome/78.0.3904.108 Safari/537.36"
156.248.84.81 - - [19/Sep/2025:14:56:05 +0200] "POST //xmlrpc.php HTTP/1.1" 200 225 "-" "Mozilla/5.0 (Windows NT 10.0; Win64; x64) AppleWebKit/537.36 (KHTML, like Gecko) Chrome/78.0.3904.108 Safari/537.36"
156.248.84.81 - - [19/Sep/2025:14:56:31 +0200] "POST //xmlrpc.php HTTP/1.1" 200 225 "-" "Mozilla/5.0 (Windows NT 10.0; Win64; x64) AppleWebKit/537.36 (KHTML, like Gecko) Chrome/78.0.3904.108 Safari/537.36"
156.248.84.81 - - [19/Sep/2025:14:56:45 +0200] "POST //xmlrpc.php HTTP/1.1" 200 225 "-" "Mozilla/5.0 (Windows NT 10.0; Win64; x64) AppleWebKit/537.36 (KHTML, like Gecko) Chrome/78.0.3904.108 Safari/537.36"
156.248.84.81 - - [19/Sep/2025:14:56:49 +0200] "POST //xmlrpc.php HTTP/1.1" 200 225 "-" "Mozilla/5.0 (Windows NT 10.0; Win64; x64) AppleWebKit/537.36 (KHTML, like Gecko) Chrome/78.0.3904.108 Safari/537.36"
156.248.84.81 - - [19/Sep/2025:14:57:01 +0200] "POST //xmlrpc.php HTTP/1.1" 200 225 "-" "Mozilla/5.0 (Windows NT 10.0; Win64; x64) AppleWebKit/537.36 (KHTML, like Gecko) Chrome/78.0.3904.108 Safari/537.36"
156.248.84.81 - - [19/Sep/2025:14:57:05 +0200] "POST //xmlrpc.php HTTP/1.1" 200 225 "-" "Mozilla/5.0 (Windows NT 10.0; Win64; x64) AppleWebKit/537.36 (KHTML, like Gecko) Chrome/78.0.3904.108 Safari/537.36"
156.248.84.81 - - [19/Sep/2025:14:57:34 +0200] "POST //xmlrpc.php HTTP/1.1" 200 225 "-" "Mozilla/5.0 (Windows NT 10.0; Win64; x64) AppleWebKit/537.36 (KHTML, like Gecko) Chrome/78.0.3904.108 Safari/537.36"
156.248.84.81 - - [19/Sep/2025:14:57:46 +0200] "POST //xmlrpc.php HTTP/1.1" 200 225 "-" "Mozilla/5.0 (Windows NT 10.0; Win64; x64) AppleWebKit/537.36 (KHTML, like Gecko) Chrome/78.0.3904.108 Safari/537.36"
91.214.47.200 - - [19/Sep/2025:14:58:00 +0200] "POST /wp-cron.php?doing_wp_cron=1758286680.4844670295715332031250 HTTP/1.1" 200 20 "https://get2.events/wp-cron.php?doing_wp_cron=1758286680.4844670295715332031250" "WordPress/5.4.2; https://get2.events"
156.248.84.81 - - [19/Sep/2025:14:57:50 +0200] "POST //xmlrpc.php HTTP/1.1" 200 225 "-" "Mozilla/5.0 (Windows NT 10.0; Win64; x64) AppleWebKit/537.36 (KHTML, like Gecko) Chrome/78.0.3904.108 Safari/537.36"
156.248.84.81 - - [19/Sep/2025:14:58:00 +0200] "POST //xmlrpc.php HTTP/1.1" 200 225 "-" "Mozilla/5.0 (Windows NT 10.0; Win64; x64) AppleWebKit/537.36 (KHTML, like Gecko) Chrome/78.0.3904.108 Safari/537.36"
156.248.84.81 - - [19/Sep/2025:14:58:05 +0200] "POST //xmlrpc.php HTTP/1.1" 200 225 "-" "Mozilla/5.0 (Windows NT 10.0; Win64; x64) AppleWebKit/537.36 (KHTML, like Gecko) Chrome/78.0.3904.108 Safari/537.36"
156.248.84.81 - - [19/Sep/2025:14:58:35 +0200] "POST //xmlrpc.php HTTP/1.1" 200 225 "-" "Mozilla/5.0 (Windows NT 10.0; Win64; x64) AppleWebKit/537.36 (KHTML, like Gecko) Chrome/78.0.3904.108 Safari/537.36"
156.248.84.81 - - [19/Sep/2025:14:58:49 +0200] "POST //xmlrpc.php HTTP/1.1" 200 225 "-" "Mozilla/5.0 (Windows NT 10.0; Win64; x64) AppleWebKit/537.36 (KHTML, like Gecko) Chrome/78.0.3904.108 Safari/537.36"
156.248.84.81 - - [19/Sep/2025:14:59:01 +0200] "POST //xmlrpc.php HTTP/1.1" 200 225 "-" "Mozilla/5.0 (Windows NT 10.0; Win64; x64) AppleWebKit/537.36 (KHTML, like Gecko) Chrome/78.0.3904.108 Safari/537.36"
156.248.84.81 - - [19/Sep/2025:14:59:15 +0200] "POST //xmlrpc.php HTTP/1.1" 200 225 "-" "Mozilla/5.0 (Windows NT 10.0; Win64; x64) AppleWebKit/537.36 (KHTML, like Gecko) Chrome/78.0.3904.108 Safari/537.36"
168.100.149.188 - - [19/Sep/2025:14:59:21 +0200] "GET /robots.txt HTTP/1.1" 200 93 "-" "Mozilla/5.0 (compatible; AhrefsBot/7.0; +http://ahrefs.com/robot/)"
2a03:2880:12ff:3:: - - [19/Sep/2025:14:56:41 +0200] "GET /contact HTTP/1.1" 301 20 "-" "facebookexternalhit/1.1 (+http://www.facebook.com/externalhit_uatext.php)"
2a03:2880:12ff:72:: - - [19/Sep/2025:14:56:42 +0200] "GET /contact/ HTTP/1.1" 200 134079 "-" "facebookexternalhit/1.1 (+http://www.facebook.com/externalhit_uatext.php)"
156.248.84.81 - - [19/Sep/2025:14:56:35 +0200] "POST //xmlrpc.php HTTP/1.1" 200 225 "-" "Mozilla/5.0 (Windows NT 10.0; Win64; x64) AppleWebKit/537.36 (KHTML, like Gecko) Chrome/78.0.3904.108 Safari/537.36"
91.214.47.200 - - [19/Sep/2025:14:57:01 +0200] "POST /wp-cron.php?doing_wp_cron=1758286621.0244259834289550781250 HTTP/1.1" 200 20 "https://get2.events/wp-cron.php?doing_wp_cron=1758286621.0244259834289550781250" "WordPress/5.4.2; https://get2.events"
156.248.84.81 - - [19/Sep/2025:14:57:16 +0200] "POST //xmlrpc.php HTTP/1.1" 200 225 "-" "Mozilla/5.0 (Windows NT 10.0; Win64; x64) AppleWebKit/537.36 (KHTML, like Gecko) Chrome/78.0.3904.108 Safari/537.36"
156.248.84.81 - - [19/Sep/2025:14:57:20 +0200] "POST //xmlrpc.php HTTP/1.1" 200 225 "-" "Mozilla/5.0 (Windows NT 10.0; Win64; x64) AppleWebKit/537.36 (KHTML, like Gecko) Chrome/78.0.3904.108 Safari/537.36"
156.248.84.81 - - [19/Sep/2025:14:57:30 +0200] "POST //xmlrpc.php HTTP/1.1" 200 225 "-" "Mozilla/5.0 (Windows NT 10.0; Win64; x64) AppleWebKit/537.36 (KHTML, like Gecko) Chrome/78.0.3904.108 Safari/537.36"
156.248.84.81 - - [19/Sep/2025:14:58:15 +0200] "POST //xmlrpc.php HTTP/1.1" 200 225 "-" "Mozilla/5.0 (Windows NT 10.0; Win64; x64) AppleWebKit/537.36 (KHTML, like Gecko) Chrome/78.0.3904.108 Safari/537.36"
156.248.84.81 - - [19/Sep/2025:14:58:19 +0200] "POST //xmlrpc.php HTTP/1.1" 200 225 "-" "Mozilla/5.0 (Windows NT 10.0; Win64; x64) AppleWebKit/537.36 (KHTML, like Gecko) Chrome/78.0.3904.108 Safari/537.36"
156.248.84.81 - - [19/Sep/2025:14:58:30 +0200] "POST //xmlrpc.php HTTP/1.1" 200 225 "-" "Mozilla/5.0 (Windows NT 10.0; Win64; x64) AppleWebKit/537.36 (KHTML, like Gecko) Chrome/78.0.3904.108 Safari/537.36"
156.248.84.81 - - [19/Sep/2025:14:58:45 +0200] "POST //xmlrpc.php HTTP/1.1" 200 225 "-" "Mozilla/5.0 (Windows NT 10.0; Win64; x64) AppleWebKit/537.36 (KHTML, like Gecko) Chrome/78.0.3904.108 Safari/537.36"
91.214.47.200 - - [19/Sep/2025:14:59:00 +0200] "POST /wp-cron.php?doing_wp_cron=1758286740.7611939907073974609375 HTTP/1.1" 200 20 "https://get2.events/wp-cron.php?doing_wp_cron=1758286740.7611939907073974609375" "WordPress/5.4.2; https://get2.events"
156.248.84.81 - - [19/Sep/2025:14:59:05 +0200] "POST //xmlrpc.php HTTP/1.1" 200 225 "-" "Mozilla/5.0 (Windows NT 10.0; Win64; x64) AppleWebKit/537.36 (KHTML, like Gecko) Chrome/78.0.3904.108 Safari/537.36"
54.37.118.76 - - [19/Sep/2025:14:59:19 +0200] "GET / HTTP/1.1" 200 135652 "-" "Mozilla/5.0 (compatible; AhrefsBot/7.0; +http://ahrefs.com/robot/)"
202.8.43.122 - - [19/Sep/2025:14:59:21 +0200] "GET /wp-content/plugins/autoptimize/classes/external/js/lazysizes.min.js?ao_version=2.9.2 HTTP/1.1" 304 0 "https://get2.events/" "Mozilla/5.0 (compatible; AhrefsBot/7.0; +http://ahrefs.com/robot/)"
202.8.43.122 - - [19/Sep/2025:14:59:22 +0200] "GET /wp-content/plugins/elementor/assets/lib/font-awesome/webfonts/fa-brands-400.woff2 HTTP/1.1" 200 75936 "https://get2.events/" "Mozilla/5.0 (compatible; AhrefsBot/7.0; +http://ahrefs.com/robot/)"
156.248.84.81 - - [19/Sep/2025:14:59:20 +0200] "POST //xmlrpc.php HTTP/1.1" 200 225 "-" "Mozilla/5.0 (Windows NT 10.0; Win64; x64) AppleWebKit/537.36 (KHTML, like Gecko) Chrome/78.0.3904.108 Safari/537.36"
156.248.84.81 - - [19/Sep/2025:14:59:31 +0200] "POST //xmlrpc.php HTTP/1.1" 200 225 "-" "Mozilla/5.0 (Windows NT 10.0; Win64; x64) AppleWebKit/537.36 (KHTML, like Gecko) Chrome/78.0.3904.108 Safari/537.36"
156.248.84.81 - - [19/Sep/2025:14:59:45 +0200] "POST //xmlrpc.php HTTP/1.1" 200 225 "-" "Mozilla/5.0 (Windows NT 10.0; Win64; x64) AppleWebKit/537.36 (KHTML, like Gecko) Chrome/78.0.3904.108 Safari/537.36"
202.8.43.122 - - [19/Sep/2025:14:59:21 +0200] "GET /wp-includes/js/jquery/jquery.js?ver=1.12.4-wp HTTP/1.1" 304 0 "https://get2.events/" "Mozilla/5.0 (compatible; AhrefsBot/7.0; +http://ahrefs.com/robot/)"
202.8.43.122 - - [19/Sep/2025:14:59:22 +0200] "GET /wp-includes/js/wp-emoji-release.min.js?ver=5.4.2 HTTP/1.1" 304 0 "https://get2.events/" "Mozilla/5.0 (compatible; AhrefsBot/7.0; +http://ahrefs.com/robot/)"
202.8.43.122 - - [19/Sep/2025:14:59:22 +0200] "GET /wp-content/cache/autoptimize/js/autoptimize_612cbf00f57fde0706378a4959c9f206.js HTTP/1.1" 200 289240 "https://get2.events/" "Mozilla/5.0 (compatible; AhrefsBot/7.0; +http://ahrefs.com/robot/)"
156.248.84.81 - - [19/Sep/2025:14:59:35 +0200] "POST //xmlrpc.php HTTP/1.1" 200 225 "-" "Mozilla/5.0 (Windows NT 10.0; Win64; x64) AppleWebKit/537.36 (KHTML, like Gecko) Chrome/78.0.3904.108 Safari/537.36"
156.248.84.81 - - [19/Sep/2025:15:00:00 +0200] "POST //xmlrpc.php HTTP/1.1" 200 225 "-" "Mozilla/5.0 (Windows NT 10.0; Win64; x64) AppleWebKit/537.36 (KHTML, like Gecko) Chrome/78.0.3904.108 Safari/537.36"
156.248.84.81 - - [19/Sep/2025:15:00:15 +0200] "POST //xmlrpc.php HTTP/1.1" 200 225 "-" "Mozilla/5.0 (Windows NT 10.0; Win64; x64) AppleWebKit/537.36 (KHTML, like Gecko) Chrome/78.0.3904.108 Safari/537.36"
156.248.84.81 - - [19/Sep/2025:15:00:19 +0200] "POST //xmlrpc.php HTTP/1.1" 200 225 "-" "Mozilla/5.0 (Windows NT 10.0; Win64; x64) AppleWebKit/537.36 (KHTML, like Gecko) Chrome/78.0.3904.108 Safari/537.36"
156.248.84.81 - - [19/Sep/2025:15:00:36 +0200] "POST //xmlrpc.php HTTP/1.1" 200 225 "-" "Mozilla/5.0 (Windows NT 10.0; Win64; x64) AppleWebKit/537.36 (KHTML, like Gecko) Chrome/78.0.3904.108 Safari/537.36"
91.214.47.200 - - [19/Sep/2025:15:01:00 +0200] "POST /wp-cron.php?doing_wp_cron=1758286860.8043611049652099609375 HTTP/1.1" 200 20 "https://get2.events/wp-cron.php?doing_wp_cron=1758286860.8043611049652099609375" "WordPress/5.4.2; https://get2.events"
156.248.84.81 - - [19/Sep/2025:15:00:49 +0200] "POST //xmlrpc.php HTTP/1.1" 200 225 "-" "Mozilla/5.0 (Windows NT 10.0; Win64; x64) AppleWebKit/537.36 (KHTML, like Gecko) Chrome/78.0.3904.108 Safari/537.36"
168.119.178.203 - - [19/Sep/2025:15:01:02 +0200] "GET / HTTP/1.1" 200 135647 "-" "Better Uptime Bot Mozilla/5.0 (Windows NT 10.0; Win64; x64) AppleWebKit/537.36 (KHTML, like Gecko) Chrome/74.0.3729.169 Safari/537.36"
156.248.84.81 - - [19/Sep/2025:15:01:20 +0200] "POST //xmlrpc.php HTTP/1.1" 200 225 "-" "Mozilla/5.0 (Windows NT 10.0; Win64; x64) AppleWebKit/537.36 (KHTML, like Gecko) Chrome/78.0.3904.108 Safari/537.36"
156.248.84.81 - - [19/Sep/2025:15:01:30 +0200] "POST //xmlrpc.php HTTP/1.1" 200 225 "-" "Mozilla/5.0 (Windows NT 10.0; Win64; x64) AppleWebKit/537.36 (KHTML, like Gecko) Chrome/78.0.3904.108 Safari/537.36"
156.248.84.81 - - [19/Sep/2025:15:01:34 +0200] "POST //xmlrpc.php HTTP/1.1" 200 225 "-" "Mozilla/5.0 (Windows NT 10.0; Win64; x64) AppleWebKit/537.36 (KHTML, like Gecko) Chrome/78.0.3904.108 Safari/537.36"
91.214.47.200 - - [19/Sep/2025:15:02:00 +0200] "POST /wp-cron.php?doing_wp_cron=1758286920.5563900470733642578125 HTTP/1.1" 200 20 "https://get2.events/wp-cron.php?doing_wp_cron=1758286920.5563900470733642578125" "WordPress/5.4.2; https://get2.events"
156.248.84.81 - - [19/Sep/2025:15:02:00 +0200] "POST //xmlrpc.php HTTP/1.1" 200 225 "-" "Mozilla/5.0 (Windows NT 10.0; Win64; x64) AppleWebKit/537.36 (KHTML, like Gecko) Chrome/78.0.3904.108 Safari/537.36"
156.248.84.81 - - [19/Sep/2025:15:02:05 +0200] "POST //xmlrpc.php HTTP/1.1" 200 225 "-" "Mozilla/5.0 (Windows NT 10.0; Win64; x64) AppleWebKit/537.36 (KHTML, like Gecko) Chrome/78.0.3904.108 Safari/537.36"
156.248.84.81 - - [19/Sep/2025:15:02:15 +0200] "POST //xmlrpc.php HTTP/1.1" 200 225 "-" "Mozilla/5.0 (Windows NT 10.0; Win64; x64) AppleWebKit/537.36 (KHTML, like Gecko) Chrome/78.0.3904.108 Safari/537.36"
91.214.47.200 - - [19/Sep/2025:15:00:00 +0200] "POST /wp-cron.php?doing_wp_cron=1758286800.4526491165161132812500 HTTP/1.1" 200 20 "https://get2.events/wp-cron.php?doing_wp_cron=1758286800.4526491165161132812500" "WordPress/5.4.2; https://get2.events"
156.248.84.81 - - [19/Sep/2025:14:59:50 +0200] "POST //xmlrpc.php HTTP/1.1" 200 225 "-" "Mozilla/5.0 (Windows NT 10.0; Win64; x64) AppleWebKit/537.36 (KHTML, like Gecko) Chrome/78.0.3904.108 Safari/537.36"
156.248.84.81 - - [19/Sep/2025:15:00:05 +0200] "POST //xmlrpc.php HTTP/1.1" 200 225 "-" "Mozilla/5.0 (Windows NT 10.0; Win64; x64) AppleWebKit/537.36 (KHTML, like Gecko) Chrome/78.0.3904.108 Safari/537.36"
156.248.84.81 - - [19/Sep/2025:15:00:31 +0200] "POST //xmlrpc.php HTTP/1.1" 200 225 "-" "Mozilla/5.0 (Windows NT 10.0; Win64; x64) AppleWebKit/537.36 (KHTML, like Gecko) Chrome/78.0.3904.108 Safari/537.36"
156.248.84.81 - - [19/Sep/2025:15:00:45 +0200] "POST //xmlrpc.php HTTP/1.1" 200 225 "-" "Mozilla/5.0 (Windows NT 10.0; Win64; x64) AppleWebKit/537.36 (KHTML, like Gecko) Chrome/78.0.3904.108 Safari/537.36"
156.248.84.81 - - [19/Sep/2025:15:01:01 +0200] "POST //xmlrpc.php HTTP/1.1" 200 225 "-" "Mozilla/5.0 (Windows NT 10.0; Win64; x64) AppleWebKit/537.36 (KHTML, like Gecko) Chrome/78.0.3904.108 Safari/537.36"
156.248.84.81 - - [19/Sep/2025:15:01:05 +0200] "POST //xmlrpc.php HTTP/1.1" 200 225 "-" "Mozilla/5.0 (Windows NT 10.0; Win64; x64) AppleWebKit/537.36 (KHTML, like Gecko) Chrome/78.0.3904.108 Safari/537.36"
156.248.84.81 - - [19/Sep/2025:15:01:15 +0200] "POST //xmlrpc.php HTTP/1.1" 200 225 "-" "Mozilla/5.0 (Windows NT 10.0; Win64; x64) AppleWebKit/537.36 (KHTML, like Gecko) Chrome/78.0.3904.108 Safari/537.36"
156.248.84.81 - - [19/Sep/2025:15:01:46 +0200] "POST //xmlrpc.php HTTP/1.1" 200 225 "-" "Mozilla/5.0 (Windows NT 10.0; Win64; x64) AppleWebKit/537.36 (KHTML, like Gecko) Chrome/78.0.3904.108 Safari/537.36"
156.248.84.81 - - [19/Sep/2025:15:01:50 +0200] "POST //xmlrpc.php HTTP/1.1" 200 225 "-" "Mozilla/5.0 (Windows NT 10.0; Win64; x64) AppleWebKit/537.36 (KHTML, like Gecko) Chrome/78.0.3904.108 Safari/537.36"
156.248.84.81 - - [19/Sep/2025:15:02:19 +0200] "POST //xmlrpc.php HTTP/1.1" 200 225 "-" "Mozilla/5.0 (Windows NT 10.0; Win64; x64) AppleWebKit/537.36 (KHTML, like Gecko) Chrome/78.0.3904.108 Safari/537.36"
156.248.84.81 - - [19/Sep/2025:15:02:31 +0200] "POST //xmlrpc.php HTTP/1.1" 200 225 "-" "Mozilla/5.0 (Windows NT 10.0; Win64; x64) AppleWebKit/537.36 (KHTML, like Gecko) Chrome/78.0.3904.108 Safari/537.36"
156.248.84.81 - - [19/Sep/2025:15:02:35 +0200] "POST //xmlrpc.php HTTP/1.1" 200 225 "-" "Mozilla/5.0 (Windows NT 10.0; Win64; x64) AppleWebKit/537.36 (KHTML, like Gecko) Chrome/78.0.3904.108 Safari/537.36"
156.248.84.81 - - [19/Sep/2025:15:02:45 +0200] "POST //xmlrpc.php HTTP/1.1" 200 225 "-" "Mozilla/5.0 (Windows NT 10.0; Win64; x64) AppleWebKit/537.36 (KHTML, like Gecko) Chrome/78.0.3904.108 Safari/537.36"
156.248.84.81 - - [19/Sep/2025:15:02:50 +0200] "POST //xmlrpc.php HTTP/1.1" 200 225 "-" "Mozilla/5.0 (Windows NT 10.0; Win64; x64) AppleWebKit/537.36 (KHTML, like Gecko) Chrome/78.0.3904.108 Safari/537.36"
156.248.84.81 - - [19/Sep/2025:15:03:00 +0200] "POST //xmlrpc.php HTTP/1.1" 200 225 "-" "Mozilla/5.0 (Windows NT 10.0; Win64; x64) AppleWebKit/537.36 (KHTML, like Gecko) Chrome/78.0.3904.108 Safari/537.36"
156.248.84.81 - - [19/Sep/2025:15:03:04 +0200] "POST //xmlrpc.php HTTP/1.1" 200 225 "-" "Mozilla/5.0 (Windows NT 10.0; Win64; x64) AppleWebKit/537.36 (KHTML, like Gecko) Chrome/78.0.3904.108 Safari/537.36"
156.248.84.81 - - [19/Sep/2025:15:03:34 +0200] "POST //xmlrpc.php HTTP/1.1" 200 225 "-" "Mozilla/5.0 (Windows NT 10.0; Win64; x64) AppleWebKit/537.36 (KHTML, like Gecko) Chrome/78.0.3904.108 Safari/537.36"
91.214.47.200 - - [19/Sep/2025:15:04:00 +0200] "POST /wp-cron.php?doing_wp_cron=1758287040.5857939720153808593750 HTTP/1.1" 200 20 "https://get2.events/wp-cron.php?doing_wp_cron=1758287040.5857939720153808593750" "WordPress/5.4.2; https://get2.events"
156.248.84.81 - - [19/Sep/2025:15:03:50 +0200] "POST //xmlrpc.php HTTP/1.1" 200 225 "-" "Mozilla/5.0 (Windows NT 10.0; Win64; x64) AppleWebKit/537.36 (KHTML, like Gecko) Chrome/78.0.3904.108 Safari/537.36"
156.248.84.81 - - [19/Sep/2025:15:04:01 +0200] "POST //xmlrpc.php HTTP/1.1" 200 225 "-" "Mozilla/5.0 (Windows NT 10.0; Win64; x64) AppleWebKit/537.36 (KHTML, like Gecko) Chrome/78.0.3904.108 Safari/537.36"
156.248.84.81 - - [19/Sep/2025:15:04:31 +0200] "POST //xmlrpc.php HTTP/1.1" 200 225 "-" "Mozilla/5.0 (Windows NT 10.0; Win64; x64) AppleWebKit/537.36 (KHTML, like Gecko) Chrome/78.0.3904.108 Safari/537.36"
156.248.84.81 - - [19/Sep/2025:15:04:35 +0200] "POST //xmlrpc.php HTTP/1.1" 200 225 "-" "Mozilla/5.0 (Windows NT 10.0; Win64; x64) AppleWebKit/537.36 (KHTML, like Gecko) Chrome/78.0.3904.108 Safari/537.36"
156.248.84.81 - - [19/Sep/2025:15:04:45 +0200] "POST //xmlrpc.php HTTP/1.1" 200 225 "-" "Mozilla/5.0 (Windows NT 10.0; Win64; x64) AppleWebKit/537.36 (KHTML, like Gecko) Chrome/78.0.3904.108 Safari/537.36"
91.214.47.200 - - [19/Sep/2025:15:05:00 +0200] "POST /wp-cron.php?doing_wp_cron=1758287100.9335041046142578125000 HTTP/1.1" 200 20 "https://get2.events/wp-cron.php?doing_wp_cron=1758287100.9335041046142578125000" "WordPress/5.4.2; https://get2.events"
156.248.84.81 - - [19/Sep/2025:15:04:49 +0200] "POST //xmlrpc.php HTTP/1.1" 200 225 "-" "Mozilla/5.0 (Windows NT 10.0; Win64; x64) AppleWebKit/537.36 (KHTML, like Gecko) Chrome/78.0.3904.108 Safari/537.36"
156.248.84.81 - - [19/Sep/2025:15:05:01 +0200] "POST //xmlrpc.php HTTP/1.1" 200 225 "-" "Mozilla/5.0 (Windows NT 10.0; Win64; x64) AppleWebKit/537.36 (KHTML, like Gecko) Chrome/78.0.3904.108 Safari/537.36"
156.248.84.81 - - [19/Sep/2025:15:05:15 +0200] "POST //xmlrpc.php HTTP/1.1" 200 225 "-" "Mozilla/5.0 (Windows NT 10.0; Win64; x64) AppleWebKit/537.36 (KHTML, like Gecko) Chrome/78.0.3904.108 Safari/537.36"
156.248.84.81 - - [19/Sep/2025:15:05:20 +0200] "POST //xmlrpc.php HTTP/1.1" 200 225 "-" "Mozilla/5.0 (Windows NT 10.0; Win64; x64) AppleWebKit/537.36 (KHTML, like Gecko) Chrome/78.0.3904.108 Safari/537.36"
156.248.84.81 - - [19/Sep/2025:15:05:30 +0200] "POST //xmlrpc.php HTTP/1.1" 200 225 "-" "Mozilla/5.0 (Windows NT 10.0; Win64; x64) AppleWebKit/537.36 (KHTML, like Gecko) Chrome/78.0.3904.108 Safari/537.36"
156.248.84.81 - - [19/Sep/2025:15:05:34 +0200] "POST //xmlrpc.php HTTP/1.1" 200 225 "-" "Mozilla/5.0 (Windows NT 10.0; Win64; x64) AppleWebKit/537.36 (KHTML, like Gecko) Chrome/78.0.3904.108 Safari/537.36"
156.248.84.81 - - [19/Sep/2025:15:05:51 +0200] "POST //xmlrpc.php HTTP/1.1" 200 225 "-" "Mozilla/5.0 (Windows NT 10.0; Win64; x64) AppleWebKit/537.36 (KHTML, like Gecko) Chrome/78.0.3904.108 Safari/537.36"
156.248.84.81 - - [19/Sep/2025:15:06:04 +0200] "POST //xmlrpc.php HTTP/1.1" 200 225 "-" "Mozilla/5.0 (Windows NT 10.0; Win64; x64) AppleWebKit/537.36 (KHTML, like Gecko) Chrome/78.0.3904.108 Safari/537.36"
156.248.84.81 - - [19/Sep/2025:15:06:20 +0200] "POST //xmlrpc.php HTTP/1.1" 200 225 "-" "Mozilla/5.0 (Windows NT 10.0; Win64; x64) AppleWebKit/537.36 (KHTML, like Gecko) Chrome/78.0.3904.108 Safari/537.36"
156.248.84.81 - - [19/Sep/2025:15:06:30 +0200] "POST //xmlrpc.php HTTP/1.1" 200 225 "-" "Mozilla/5.0 (Windows NT 10.0; Win64; x64) AppleWebKit/537.36 (KHTML, like Gecko) Chrome/78.0.3904.108 Safari/537.36"
156.248.84.81 - - [19/Sep/2025:15:06:35 +0200] "POST //xmlrpc.php HTTP/1.1" 200 225 "-" "Mozilla/5.0 (Windows NT 10.0; Win64; x64) AppleWebKit/537.36 (KHTML, like Gecko) Chrome/78.0.3904.108 Safari/537.36"
91.214.47.200 - - [19/Sep/2025:15:07:00 +0200] "POST /wp-cron.php?doing_wp_cron=1758287220.7670450210571289062500 HTTP/1.1" 200 20 "https://get2.events/wp-cron.php?doing_wp_cron=1758287220.7670450210571289062500" "WordPress/5.4.2; https://get2.events"
156.248.84.81 - - [19/Sep/2025:15:07:15 +0200] "POST //xmlrpc.php HTTP/1.1" 200 225 "-" "Mozilla/5.0 (Windows NT 10.0; Win64; x64) AppleWebKit/537.36 (KHTML, like Gecko) Chrome/78.0.3904.108 Safari/537.36"
91.214.47.200 - - [19/Sep/2025:15:03:00 +0200] "POST /wp-cron.php?doing_wp_cron=1758286980.1900370121002197265625 HTTP/1.1" 200 20 "https://get2.events/wp-cron.php?doing_wp_cron=1758286980.1900370121002197265625" "WordPress/5.4.2; https://get2.events"
156.248.84.81 - - [19/Sep/2025:15:03:16 +0200] "POST //xmlrpc.php HTTP/1.1" 200 225 "-" "Mozilla/5.0 (Windows NT 10.0; Win64; x64) AppleWebKit/537.36 (KHTML, like Gecko) Chrome/78.0.3904.108 Safari/537.36"
156.248.84.81 - - [19/Sep/2025:15:03:20 +0200] "POST //xmlrpc.php HTTP/1.1" 200 225 "-" "Mozilla/5.0 (Windows NT 10.0; Win64; x64) AppleWebKit/537.36 (KHTML, like Gecko) Chrome/78.0.3904.108 Safari/537.36"
156.248.84.81 - - [19/Sep/2025:15:03:30 +0200] "POST //xmlrpc.php HTTP/1.1" 200 225 "-" "Mozilla/5.0 (Windows NT 10.0; Win64; x64) AppleWebKit/537.36 (KHTML, like Gecko) Chrome/78.0.3904.108 Safari/537.36"
156.248.84.81 - - [19/Sep/2025:15:03:46 +0200] "POST //xmlrpc.php HTTP/1.1" 200 225 "-" "Mozilla/5.0 (Windows NT 10.0; Win64; x64) AppleWebKit/537.36 (KHTML, like Gecko) Chrome/78.0.3904.108 Safari/537.36"
156.248.84.81 - - [19/Sep/2025:15:04:05 +0200] "POST //xmlrpc.php HTTP/1.1" 200 225 "-" "Mozilla/5.0 (Windows NT 10.0; Win64; x64) AppleWebKit/537.36 (KHTML, like Gecko) Chrome/78.0.3904.108 Safari/537.36"
156.248.84.81 - - [19/Sep/2025:15:04:15 +0200] "POST //xmlrpc.php HTTP/1.1" 200 225 "-" "Mozilla/5.0 (Windows NT 10.0; Win64; x64) AppleWebKit/537.36 (KHTML, like Gecko) Chrome/78.0.3904.108 Safari/537.36"
156.248.84.81 - - [19/Sep/2025:15:04:19 +0200] "POST //xmlrpc.php HTTP/1.1" 200 225 "-" "Mozilla/5.0 (Windows NT 10.0; Win64; x64) AppleWebKit/537.36 (KHTML, like Gecko) Chrome/78.0.3904.108 Safari/537.36"
156.248.84.81 - - [19/Sep/2025:15:05:05 +0200] "POST //xmlrpc.php HTTP/1.1" 200 225 "-" "Mozilla/5.0 (Windows NT 10.0; Win64; x64) AppleWebKit/537.36 (KHTML, like Gecko) Chrome/78.0.3904.108 Safari/537.36"
156.248.84.81 - - [19/Sep/2025:15:05:46 +0200] "POST //xmlrpc.php HTTP/1.1" 200 225 "-" "Mozilla/5.0 (Windows NT 10.0; Win64; x64) AppleWebKit/537.36 (KHTML, like Gecko) Chrome/78.0.3904.108 Safari/537.36"
91.214.47.200 - - [19/Sep/2025:15:06:00 +0200] "POST /wp-cron.php?doing_wp_cron=1758287160.2772789001464843750000 HTTP/1.1" 200 20 "https://get2.events/wp-cron.php?doing_wp_cron=1758287160.2772789001464843750000" "WordPress/5.4.2; https://get2.events"
172.105.162.194 - - [19/Sep/2025:15:06:03 +0200] "GET / HTTP/1.1" 200 135654 "-" "Better Uptime Bot Mozilla/5.0 (Windows NT 10.0; Win64; x64) AppleWebKit/537.36 (KHTML, like Gecko) Chrome/74.0.3729.169 Safari/537.36"
156.248.84.81 - - [19/Sep/2025:15:06:00 +0200] "POST //xmlrpc.php HTTP/1.1" 200 225 "-" "Mozilla/5.0 (Windows NT 10.0; Win64; x64) AppleWebKit/537.36 (KHTML, like Gecko) Chrome/78.0.3904.108 Safari/537.36"
156.248.84.81 - - [19/Sep/2025:15:06:16 +0200] "POST //xmlrpc.php HTTP/1.1" 200 225 "-" "Mozilla/5.0 (Windows NT 10.0; Win64; x64) AppleWebKit/537.36 (KHTML, like Gecko) Chrome/78.0.3904.108 Safari/537.36"
156.248.84.81 - - [19/Sep/2025:15:06:45 +0200] "POST //xmlrpc.php HTTP/1.1" 200 225 "-" "Mozilla/5.0 (Windows NT 10.0; Win64; x64) AppleWebKit/537.36 (KHTML, like Gecko) Chrome/78.0.3904.108 Safari/537.36"
156.248.84.81 - - [19/Sep/2025:15:06:49 +0200] "POST //xmlrpc.php HTTP/1.1" 200 225 "-" "Mozilla/5.0 (Windows NT 10.0; Win64; x64) AppleWebKit/537.36 (KHTML, like Gecko) Chrome/78.0.3904.108 Safari/537.36"
156.248.84.81 - - [19/Sep/2025:15:07:01 +0200] "POST //xmlrpc.php HTTP/1.1" 200 225 "-" "Mozilla/5.0 (Windows NT 10.0; Win64; x64) AppleWebKit/537.36 (KHTML, like Gecko) Chrome/78.0.3904.108 Safari/537.36"
156.248.84.81 - - [19/Sep/2025:15:07:05 +0200] "POST //xmlrpc.php HTTP/1.1" 200 225 "-" "Mozilla/5.0 (Windows NT 10.0; Win64; x64) AppleWebKit/537.36 (KHTML, like Gecko) Chrome/78.0.3904.108 Safari/537.36"
156.248.84.81 - - [19/Sep/2025:15:07:19 +0200] "POST //xmlrpc.php HTTP/1.1" 200 225 "-" "Mozilla/5.0 (Windows NT 10.0; Win64; x64) AppleWebKit/537.36 (KHTML, like Gecko) Chrome/78.0.3904.108 Safari/537.36"
156.248.84.81 - - [19/Sep/2025:15:07:50 +0200] "POST //xmlrpc.php HTTP/1.1" 200 225 "-" "Mozilla/5.0 (Windows NT 10.0; Win64; x64) AppleWebKit/537.36 (KHTML, like Gecko) Chrome/78.0.3904.108 Safari/537.36"
156.248.84.81 - - [19/Sep/2025:15:08:34 +0200] "POST //xmlrpc.php HTTP/1.1" 200 225 "-" "Mozilla/5.0 (Windows NT 10.0; Win64; x64) AppleWebKit/537.36 (KHTML, like Gecko) Chrome/78.0.3904.108 Safari/537.36"
156.248.84.81 - - [19/Sep/2025:15:08:46 +0200] "POST //xmlrpc.php HTTP/1.1" 200 225 "-" "Mozilla/5.0 (Windows NT 10.0; Win64; x64) AppleWebKit/537.36 (KHTML, like Gecko) Chrome/78.0.3904.108 Safari/537.36"
156.248.84.81 - - [19/Sep/2025:15:07:31 +0200] "POST //xmlrpc.php HTTP/1.1" 200 225 "-" "Mozilla/5.0 (Windows NT 10.0; Win64; x64) AppleWebKit/537.36 (KHTML, like Gecko) Chrome/78.0.3904.108 Safari/537.36"
156.248.84.81 - - [19/Sep/2025:15:07:35 +0200] "POST //xmlrpc.php HTTP/1.1" 200 225 "-" "Mozilla/5.0 (Windows NT 10.0; Win64; x64) AppleWebKit/537.36 (KHTML, like Gecko) Chrome/78.0.3904.108 Safari/537.36"
156.248.84.81 - - [19/Sep/2025:15:07:45 +0200] "POST //xmlrpc.php HTTP/1.1" 200 225 "-" "Mozilla/5.0 (Windows NT 10.0; Win64; x64) AppleWebKit/537.36 (KHTML, like Gecko) Chrome/78.0.3904.108 Safari/537.36"
91.214.47.200 - - [19/Sep/2025:15:08:01 +0200] "POST /wp-cron.php?doing_wp_cron=1758287281.0316400527954101562500 HTTP/1.1" 200 20 "https://get2.events/wp-cron.php?doing_wp_cron=1758287281.0316400527954101562500" "WordPress/5.4.2; https://get2.events"
156.248.84.81 - - [19/Sep/2025:15:08:01 +0200] "POST //xmlrpc.php HTTP/1.1" 200 225 "-" "Mozilla/5.0 (Windows NT 10.0; Win64; x64) AppleWebKit/537.36 (KHTML, like Gecko) Chrome/78.0.3904.108 Safari/537.36"
156.248.84.81 - - [19/Sep/2025:15:08:05 +0200] "POST //xmlrpc.php HTTP/1.1" 200 225 "-" "Mozilla/5.0 (Windows NT 10.0; Win64; x64) AppleWebKit/537.36 (KHTML, like Gecko) Chrome/78.0.3904.108 Safari/537.36"
156.248.84.81 - - [19/Sep/2025:15:08:16 +0200] "POST //xmlrpc.php HTTP/1.1" 200 225 "-" "Mozilla/5.0 (Windows NT 10.0; Win64; x64) AppleWebKit/537.36 (KHTML, like Gecko) Chrome/78.0.3904.108 Safari/537.36"
156.248.84.81 - - [19/Sep/2025:15:08:20 +0200] "POST //xmlrpc.php HTTP/1.1" 200 225 "-" "Mozilla/5.0 (Windows NT 10.0; Win64; x64) AppleWebKit/537.36 (KHTML, like Gecko) Chrome/78.0.3904.108 Safari/537.36"
156.248.84.81 - - [19/Sep/2025:15:08:30 +0200] "POST //xmlrpc.php HTTP/1.1" 200 225 "-" "Mozilla/5.0 (Windows NT 10.0; Win64; x64) AppleWebKit/537.36 (KHTML, like Gecko) Chrome/78.0.3904.108 Safari/537.36"
91.214.47.200 - - [19/Sep/2025:15:09:00 +0200] "POST /wp-cron.php?doing_wp_cron=1758287340.3817920684814453125000 HTTP/1.1" 500 1157 "https://get2.events/wp-cron.php?doing_wp_cron=1758287340.3817920684814453125000" "WordPress/5.4.2; https://get2.events"
156.248.84.81 - - [19/Sep/2025:15:08:50 +0200] "POST //xmlrpc.php HTTP/1.1" 200 225 "-" "Mozilla/5.0 (Windows NT 10.0; Win64; x64) AppleWebKit/537.36 (KHTML, like Gecko) Chrome/78.0.3904.108 Safari/537.36"
156.248.84.81 - - [19/Sep/2025:15:09:00 +0200] "POST //xmlrpc.php HTTP/1.1" 200 225 "-" "Mozilla/5.0 (Windows NT 10.0; Win64; x64) AppleWebKit/537.36 (KHTML, like Gecko) Chrome/78.0.3904.108 Safari/537.36"
156.248.84.81 - - [19/Sep/2025:15:09:05 +0200] "POST //xmlrpc.php HTTP/1.1" 200 225 "-" "Mozilla/5.0 (Windows NT 10.0; Win64; x64) AppleWebKit/537.36 (KHTML, like Gecko) Chrome/78.0.3904.108 Safari/537.36"
156.248.84.81 - - [19/Sep/2025:15:09:19 +0200] "POST //xmlrpc.php HTTP/1.1" 200 225 "-" "Mozilla/5.0 (Windows NT 10.0; Win64; x64) AppleWebKit/537.36 (KHTML, like Gecko) Chrome/78.0.3904.108 Safari/537.36"
156.248.84.81 - - [19/Sep/2025:15:09:45 +0200] "POST //xmlrpc.php HTTP/1.1" 200 225 "-" "Mozilla/5.0 (Windows NT 10.0; Win64; x64) AppleWebKit/537.36 (KHTML, like Gecko) Chrome/78.0.3904.108 Safari/537.36"
156.248.84.81 - - [19/Sep/2025:15:09:49 +0200] "POST //xmlrpc.php HTTP/1.1" 200 225 "-" "Mozilla/5.0 (Windows NT 10.0; Win64; x64) AppleWebKit/537.36 (KHTML, like Gecko) Chrome/78.0.3904.108 Safari/537.36"
156.248.84.81 - - [19/Sep/2025:15:10:01 +0200] "POST //xmlrpc.php HTTP/1.1" 200 225 "-" "Mozilla/5.0 (Windows NT 10.0; Win64; x64) AppleWebKit/537.36 (KHTML, like Gecko) Chrome/78.0.3904.108 Safari/537.36"
156.248.84.81 - - [19/Sep/2025:15:10:15 +0200] "POST //xmlrpc.php HTTP/1.1" 200 225 "-" "Mozilla/5.0 (Windows NT 10.0; Win64; x64) AppleWebKit/537.36 (KHTML, like Gecko) Chrome/78.0.3904.108 Safari/537.36"
156.248.84.81 - - [19/Sep/2025:15:10:20 +0200] "POST //xmlrpc.php HTTP/1.1" 200 225 "-" "Mozilla/5.0 (Windows NT 10.0; Win64; x64) AppleWebKit/537.36 (KHTML, like Gecko) Chrome/78.0.3904.108 Safari/537.36"
156.248.84.81 - - [19/Sep/2025:15:10:30 +0200] "POST //xmlrpc.php HTTP/1.1" 200 225 "-" "Mozilla/5.0 (Windows NT 10.0; Win64; x64) AppleWebKit/537.36 (KHTML, like Gecko) Chrome/78.0.3904.108 Safari/537.36"
156.248.84.81 - - [19/Sep/2025:15:10:34 +0200] "POST //xmlrpc.php HTTP/1.1" 200 225 "-" "Mozilla/5.0 (Windows NT 10.0; Win64; x64) AppleWebKit/537.36 (KHTML, like Gecko) Chrome/78.0.3904.108 Safari/537.36"
156.248.84.81 - - [19/Sep/2025:15:10:46 +0200] "POST //xmlrpc.php HTTP/1.1" 200 225 "-" "Mozilla/5.0 (Windows NT 10.0; Win64; x64) AppleWebKit/537.36 (KHTML, like Gecko) Chrome/78.0.3904.108 Safari/537.36"
91.214.47.200 - - [19/Sep/2025:15:11:00 +0200] "POST /wp-cron.php?doing_wp_cron=1758287460.5772840976715087890625 HTTP/1.1" 200 20 "https://get2.events/wp-cron.php?doing_wp_cron=1758287460.5772840976715087890625" "WordPress/5.4.2; https://get2.events"
156.248.84.81 - - [19/Sep/2025:15:10:50 +0200] "POST //xmlrpc.php HTTP/1.1" 200 225 "-" "Mozilla/5.0 (Windows NT 10.0; Win64; x64) AppleWebKit/537.36 (KHTML, like Gecko) Chrome/78.0.3904.108 Safari/537.36"
156.248.84.81 - - [19/Sep/2025:15:11:01 +0200] "POST //xmlrpc.php HTTP/1.1" 200 225 "-" "Mozilla/5.0 (Windows NT 10.0; Win64; x64) AppleWebKit/537.36 (KHTML, like Gecko) Chrome/78.0.3904.108 Safari/537.36"
156.248.84.81 - - [19/Sep/2025:15:11:15 +0200] "POST //xmlrpc.php HTTP/1.1" 200 225 "-" "Mozilla/5.0 (Windows NT 10.0; Win64; x64) AppleWebKit/537.36 (KHTML, like Gecko) Chrome/78.0.3904.108 Safari/537.36"
156.248.84.81 - - [19/Sep/2025:15:11:35 +0200] "POST //xmlrpc.php HTTP/1.1" 200 225 "-" "Mozilla/5.0 (Windows NT 10.0; Win64; x64) AppleWebKit/537.36 (KHTML, like Gecko) Chrome/78.0.3904.108 Safari/537.36"
156.248.84.81 - - [19/Sep/2025:15:11:50 +0200] "POST //xmlrpc.php HTTP/1.1" 200 225 "-" "Mozilla/5.0 (Windows NT 10.0; Win64; x64) AppleWebKit/537.36 (KHTML, like Gecko) Chrome/78.0.3904.108 Safari/537.36"
156.248.84.81 - - [19/Sep/2025:15:12:00 +0200] "POST //xmlrpc.php HTTP/1.1" 200 225 "-" "Mozilla/5.0 (Windows NT 10.0; Win64; x64) AppleWebKit/537.36 (KHTML, like Gecko) Chrome/78.0.3904.108 Safari/537.36"
156.248.84.81 - - [19/Sep/2025:15:12:04 +0200] "POST //xmlrpc.php HTTP/1.1" 200 225 "-" "Mozilla/5.0 (Windows NT 10.0; Win64; x64) AppleWebKit/537.36 (KHTML, like Gecko) Chrome/78.0.3904.108 Safari/537.36"
156.248.84.81 - - [19/Sep/2025:15:12:30 +0200] "POST //xmlrpc.php HTTP/1.1" 200 225 "-" "Mozilla/5.0 (Windows NT 10.0; Win64; x64) AppleWebKit/537.36 (KHTML, like Gecko) Chrome/78.0.3904.108 Safari/537.36"
156.248.84.81 - - [19/Sep/2025:15:12:35 +0200] "POST //xmlrpc.php HTTP/1.1" 200 225 "-" "Mozilla/5.0 (Windows NT 10.0; Win64; x64) AppleWebKit/537.36 (KHTML, like Gecko) Chrome/78.0.3904.108 Safari/537.36"
156.248.84.81 - - [19/Sep/2025:15:09:15 +0200] "POST //xmlrpc.php HTTP/1.1" 200 225 "-" "Mozilla/5.0 (Windows NT 10.0; Win64; x64) AppleWebKit/537.36 (KHTML, like Gecko) Chrome/78.0.3904.108 Safari/537.36"
156.248.84.81 - - [19/Sep/2025:15:09:31 +0200] "POST //xmlrpc.php HTTP/1.1" 200 225 "-" "Mozilla/5.0 (Windows NT 10.0; Win64; x64) AppleWebKit/537.36 (KHTML, like Gecko) Chrome/78.0.3904.108 Safari/537.36"
156.248.84.81 - - [19/Sep/2025:15:09:35 +0200] "POST //xmlrpc.php HTTP/1.1" 200 225 "-" "Mozilla/5.0 (Windows NT 10.0; Win64; x64) AppleWebKit/537.36 (KHTML, like Gecko) Chrome/78.0.3904.108 Safari/537.36"
91.214.47.200 - - [19/Sep/2025:15:10:00 +0200] "POST /wp-cron.php?doing_wp_cron=1758287400.8922328948974609375000 HTTP/1.1" 200 20 "https://get2.events/wp-cron.php?doing_wp_cron=1758287400.8922328948974609375000" "WordPress/5.4.2; https://get2.events"
156.248.84.81 - - [19/Sep/2025:15:10:05 +0200] "POST //xmlrpc.php HTTP/1.1" 200 225 "-" "Mozilla/5.0 (Windows NT 10.0; Win64; x64) AppleWebKit/537.36 (KHTML, like Gecko) Chrome/78.0.3904.108 Safari/537.36"
172.105.162.194 - - [19/Sep/2025:15:11:03 +0200] "GET / HTTP/1.1" 200 135647 "-" "Better Uptime Bot Mozilla/5.0 (Windows NT 10.0; Win64; x64) AppleWebKit/537.36 (KHTML, like Gecko) Chrome/74.0.3729.169 Safari/537.36"
156.248.84.81 - - [19/Sep/2025:15:11:06 +0200] "POST //xmlrpc.php HTTP/1.1" 200 225 "-" "Mozilla/5.0 (Windows NT 10.0; Win64; x64) AppleWebKit/537.36 (KHTML, like Gecko) Chrome/78.0.3904.108 Safari/537.36"
156.248.84.81 - - [19/Sep/2025:15:11:20 +0200] "POST //xmlrpc.php HTTP/1.1" 200 225 "-" "Mozilla/5.0 (Windows NT 10.0; Win64; x64) AppleWebKit/537.36 (KHTML, like Gecko) Chrome/78.0.3904.108 Safari/537.36"
156.248.84.81 - - [19/Sep/2025:15:11:31 +0200] "POST //xmlrpc.php HTTP/1.1" 200 225 "-" "Mozilla/5.0 (Windows NT 10.0; Win64; x64) AppleWebKit/537.36 (KHTML, like Gecko) Chrome/78.0.3904.108 Safari/537.36"
156.248.84.81 - - [19/Sep/2025:15:11:45 +0200] "POST //xmlrpc.php HTTP/1.1" 200 225 "-" "Mozilla/5.0 (Windows NT 10.0; Win64; x64) AppleWebKit/537.36 (KHTML, like Gecko) Chrome/78.0.3904.108 Safari/537.36"
91.214.47.200 - - [19/Sep/2025:15:12:00 +0200] "POST /wp-cron.php?doing_wp_cron=1758287520.0971701145172119140625 HTTP/1.1" 200 20 "https://get2.events/wp-cron.php?doing_wp_cron=1758287520.0971701145172119140625" "WordPress/5.4.2; https://get2.events"
156.248.84.81 - - [19/Sep/2025:15:12:16 +0200] "POST //xmlrpc.php HTTP/1.1" 200 225 "-" "Mozilla/5.0 (Windows NT 10.0; Win64; x64) AppleWebKit/537.36 (KHTML, like Gecko) Chrome/78.0.3904.108 Safari/537.36"
156.248.84.81 - - [19/Sep/2025:15:12:20 +0200] "POST //xmlrpc.php HTTP/1.1" 200 225 "-" "Mozilla/5.0 (Windows NT 10.0; Win64; x64) AppleWebKit/537.36 (KHTML, like Gecko) Chrome/78.0.3904.108 Safari/537.36"
156.248.84.81 - - [19/Sep/2025:15:12:45 +0200] "POST //xmlrpc.php HTTP/1.1" 200 225 "-" "Mozilla/5.0 (Windows NT 10.0; Win64; x64) AppleWebKit/537.36 (KHTML, like Gecko) Chrome/78.0.3904.108 Safari/537.36"
156.248.84.81 - - [19/Sep/2025:15:13:05 +0200] "POST //xmlrpc.php HTTP/1.1" 200 225 "-" "Mozilla/5.0 (Windows NT 10.0; Win64; x64) AppleWebKit/537.36 (KHTML, like Gecko) Chrome/78.0.3904.108 Safari/537.36"
156.248.84.81 - - [19/Sep/2025:15:13:15 +0200] "POST //xmlrpc.php HTTP/1.1" 200 225 "-" "Mozilla/5.0 (Windows NT 10.0; Win64; x64) AppleWebKit/537.36 (KHTML, like Gecko) Chrome/78.0.3904.108 Safari/537.36"
156.248.84.81 - - [19/Sep/2025:15:13:20 +0200] "POST //xmlrpc.php HTTP/1.1" 200 225 "-" "Mozilla/5.0 (Windows NT 10.0; Win64; x64) AppleWebKit/537.36 (KHTML, like Gecko) Chrome/78.0.3904.108 Safari/537.36"
156.248.84.81 - - [19/Sep/2025:15:13:34 +0200] "POST //xmlrpc.php HTTP/1.1" 200 225 "-" "Mozilla/5.0 (Windows NT 10.0; Win64; x64) AppleWebKit/537.36 (KHTML, like Gecko) Chrome/78.0.3904.108 Safari/537.36"
156.248.84.81 - - [19/Sep/2025:15:13:45 +0200] "POST //xmlrpc.php HTTP/1.1" 200 225 "-" "Mozilla/5.0 (Windows NT 10.0; Win64; x64) AppleWebKit/537.36 (KHTML, like Gecko) Chrome/78.0.3904.108 Safari/537.36"
91.214.47.200 - - [19/Sep/2025:15:14:01 +0200] "POST /wp-cron.php?doing_wp_cron=1758287641.0502490997314453125000 HTTP/1.1" 200 20 "https://get2.events/wp-cron.php?doing_wp_cron=1758287641.0502490997314453125000" "WordPress/5.4.2; https://get2.events"
156.248.84.81 - - [19/Sep/2025:15:13:50 +0200] "POST //xmlrpc.php HTTP/1.1" 200 225 "-" "Mozilla/5.0 (Windows NT 10.0; Win64; x64) AppleWebKit/537.36 (KHTML, like Gecko) Chrome/78.0.3904.108 Safari/537.36"
156.248.84.81 - - [19/Sep/2025:15:14:16 +0200] "POST //xmlrpc.php HTTP/1.1" 200 225 "-" "Mozilla/5.0 (Windows NT 10.0; Win64; x64) AppleWebKit/537.36 (KHTML, like Gecko) Chrome/78.0.3904.108 Safari/537.36"
156.248.84.81 - - [19/Sep/2025:15:14:34 +0200] "POST //xmlrpc.php HTTP/1.1" 200 225 "-" "Mozilla/5.0 (Windows NT 10.0; Win64; x64) AppleWebKit/537.36 (KHTML, like Gecko) Chrome/78.0.3904.108 Safari/537.36"
156.248.84.81 - - [19/Sep/2025:15:14:50 +0200] "POST //xmlrpc.php HTTP/1.1" 200 225 "-" "Mozilla/5.0 (Windows NT 10.0; Win64; x64) AppleWebKit/537.36 (KHTML, like Gecko) Chrome/78.0.3904.108 Safari/537.36"
156.248.84.81 - - [19/Sep/2025:15:15:00 +0200] "POST //xmlrpc.php HTTP/1.1" 200 225 "-" "Mozilla/5.0 (Windows NT 10.0; Win64; x64) AppleWebKit/537.36 (KHTML, like Gecko) Chrome/78.0.3904.108 Safari/537.36"
156.248.84.81 - - [19/Sep/2025:15:15:05 +0200] "POST //xmlrpc.php HTTP/1.1" 200 225 "-" "Mozilla/5.0 (Windows NT 10.0; Win64; x64) AppleWebKit/537.36 (KHTML, like Gecko) Chrome/78.0.3904.108 Safari/537.36"
156.248.84.81 - - [19/Sep/2025:15:15:45 +0200] "POST //xmlrpc.php HTTP/1.1" 200 225 "-" "Mozilla/5.0 (Windows NT 10.0; Win64; x64) AppleWebKit/537.36 (KHTML, like Gecko) Chrome/78.0.3904.108 Safari/537.36"
91.214.47.200 - - [19/Sep/2025:15:16:01 +0200] "POST /wp-cron.php?doing_wp_cron=1758287761.0191431045532226562500 HTTP/1.1" 200 20 "https://get2.events/wp-cron.php?doing_wp_cron=1758287761.0191431045532226562500" "WordPress/5.4.2; https://get2.events"
168.119.178.203 - - [19/Sep/2025:15:16:03 +0200] "GET / HTTP/1.1" 200 135647 "-" "Better Uptime Bot Mozilla/5.0 (Windows NT 10.0; Win64; x64) AppleWebKit/537.36 (KHTML, like Gecko) Chrome/74.0.3729.169 Safari/537.36"
156.248.84.81 - - [19/Sep/2025:15:16:16 +0200] "POST //xmlrpc.php HTTP/1.1" 200 225 "-" "Mozilla/5.0 (Windows NT 10.0; Win64; x64) AppleWebKit/537.36 (KHTML, like Gecko) Chrome/78.0.3904.108 Safari/537.36"
156.248.84.81 - - [19/Sep/2025:15:16:30 +0200] "POST //xmlrpc.php HTTP/1.1" 200 225 "-" "Mozilla/5.0 (Windows NT 10.0; Win64; x64) AppleWebKit/537.36 (KHTML, like Gecko) Chrome/78.0.3904.108 Safari/537.36"
156.248.84.81 - - [19/Sep/2025:15:16:34 +0200] "POST //xmlrpc.php HTTP/1.1" 200 225 "-" "Mozilla/5.0 (Windows NT 10.0; Win64; x64) AppleWebKit/537.36 (KHTML, like Gecko) Chrome/78.0.3904.108 Safari/537.36"
156.248.84.81 - - [19/Sep/2025:15:16:49 +0200] "POST //xmlrpc.php HTTP/1.1" 200 225 "-" "Mozilla/5.0 (Windows NT 10.0; Win64; x64) AppleWebKit/537.36 (KHTML, like Gecko) Chrome/78.0.3904.108 Safari/537.36"
91.214.47.200 - - [19/Sep/2025:15:17:00 +0200] "POST /wp-cron.php?doing_wp_cron=1758287820.7754209041595458984375 HTTP/1.1" 200 20 "https://get2.events/wp-cron.php?doing_wp_cron=1758287820.7754209041595458984375" "WordPress/5.4.2; https://get2.events"
156.248.84.81 - - [19/Sep/2025:15:17:01 +0200] "POST //xmlrpc.php HTTP/1.1" 200 225 "-" "Mozilla/5.0 (Windows NT 10.0; Win64; x64) AppleWebKit/537.36 (KHTML, like Gecko) Chrome/78.0.3904.108 Safari/537.36"
156.248.84.81 - - [19/Sep/2025:15:17:04 +0200] "POST //xmlrpc.php HTTP/1.1" 200 225 "-" "Mozilla/5.0 (Windows NT 10.0; Win64; x64) AppleWebKit/537.36 (KHTML, like Gecko) Chrome/78.0.3904.108 Safari/537.36"
156.248.84.81 - - [19/Sep/2025:15:17:16 +0200] "POST //xmlrpc.php HTTP/1.1" 200 225 "-" "Mozilla/5.0 (Windows NT 10.0; Win64; x64) AppleWebKit/537.36 (KHTML, like Gecko) Chrome/78.0.3904.108 Safari/537.36"
156.248.84.81 - - [19/Sep/2025:15:17:20 +0200] "POST //xmlrpc.php HTTP/1.1" 200 225 "-" "Mozilla/5.0 (Windows NT 10.0; Win64; x64) AppleWebKit/537.36 (KHTML, like Gecko) Chrome/78.0.3904.108 Safari/537.36"
156.248.84.81 - - [19/Sep/2025:15:17:24 +0200] "POST //xmlrpc.php HTTP/1.1" 200 225 "-" "Mozilla/5.0 (Windows NT 10.0; Win64; x64) AppleWebKit/537.36 (KHTML, like Gecko) Chrome/78.0.3904.108 Safari/537.36"
156.248.84.81 - - [19/Sep/2025:15:16:46 +0200] "POST //xmlrpc.php HTTP/1.1" 200 225 "-" "Mozilla/5.0 (Windows NT 10.0; Win64; x64) AppleWebKit/537.36 (KHTML, like Gecko) Chrome/78.0.3904.108 Safari/537.36"
156.248.84.81 - - [19/Sep/2025:15:16:53 +0200] "POST //xmlrpc.php HTTP/1.1" 200 225 "-" "Mozilla/5.0 (Windows NT 10.0; Win64; x64) AppleWebKit/537.36 (KHTML, like Gecko) Chrome/78.0.3904.108 Safari/537.36"
156.248.84.81 - - [19/Sep/2025:15:17:08 +0200] "POST //xmlrpc.php HTTP/1.1" 200 225 "-" "Mozilla/5.0 (Windows NT 10.0; Win64; x64) AppleWebKit/537.36 (KHTML, like Gecko) Chrome/78.0.3904.108 Safari/537.36"
156.248.84.81 - - [19/Sep/2025:15:17:30 +0200] "POST //xmlrpc.php HTTP/1.1" 200 225 "-" "Mozilla/5.0 (Windows NT 10.0; Win64; x64) AppleWebKit/537.36 (KHTML, like Gecko) Chrome/78.0.3904.108 Safari/537.36"
156.248.84.81 - - [19/Sep/2025:15:17:34 +0200] "POST //xmlrpc.php HTTP/1.1" 200 225 "-" "Mozilla/5.0 (Windows NT 10.0; Win64; x64) AppleWebKit/537.36 (KHTML, like Gecko) Chrome/78.0.3904.108 Safari/537.36"
91.214.47.200 - - [19/Sep/2025:15:13:00 +0200] "POST /wp-cron.php?doing_wp_cron=1758287580.7048180103302001953125 HTTP/1.1" 200 20 "https://get2.events/wp-cron.php?doing_wp_cron=1758287580.7048180103302001953125" "WordPress/5.4.2; https://get2.events"
156.248.84.81 - - [19/Sep/2025:15:12:49 +0200] "POST //xmlrpc.php HTTP/1.1" 200 225 "-" "Mozilla/5.0 (Windows NT 10.0; Win64; x64) AppleWebKit/537.36 (KHTML, like Gecko) Chrome/78.0.3904.108 Safari/537.36"
156.248.84.81 - - [19/Sep/2025:15:13:01 +0200] "POST //xmlrpc.php HTTP/1.1" 200 225 "-" "Mozilla/5.0 (Windows NT 10.0; Win64; x64) AppleWebKit/537.36 (KHTML, like Gecko) Chrome/78.0.3904.108 Safari/537.36"
156.248.84.81 - - [19/Sep/2025:15:13:30 +0200] "POST //xmlrpc.php HTTP/1.1" 200 225 "-" "Mozilla/5.0 (Windows NT 10.0; Win64; x64) AppleWebKit/537.36 (KHTML, like Gecko) Chrome/78.0.3904.108 Safari/537.36"
156.248.84.81 - - [19/Sep/2025:15:14:01 +0200] "POST //xmlrpc.php HTTP/1.1" 200 225 "-" "Mozilla/5.0 (Windows NT 10.0; Win64; x64) AppleWebKit/537.36 (KHTML, like Gecko) Chrome/78.0.3904.108 Safari/537.36"
156.248.84.81 - - [19/Sep/2025:15:14:05 +0200] "POST //xmlrpc.php HTTP/1.1" 200 225 "-" "Mozilla/5.0 (Windows NT 10.0; Win64; x64) AppleWebKit/537.36 (KHTML, like Gecko) Chrome/78.0.3904.108 Safari/537.36"
156.248.84.81 - - [19/Sep/2025:15:14:20 +0200] "POST //xmlrpc.php HTTP/1.1" 200 225 "-" "Mozilla/5.0 (Windows NT 10.0; Win64; x64) AppleWebKit/537.36 (KHTML, like Gecko) Chrome/78.0.3904.108 Safari/537.36"
156.248.84.81 - - [19/Sep/2025:15:14:30 +0200] "POST //xmlrpc.php HTTP/1.1" 200 225 "-" "Mozilla/5.0 (Windows NT 10.0; Win64; x64) AppleWebKit/537.36 (KHTML, like Gecko) Chrome/78.0.3904.108 Safari/537.36"
156.248.84.81 - - [19/Sep/2025:15:14:46 +0200] "POST //xmlrpc.php HTTP/1.1" 200 225 "-" "Mozilla/5.0 (Windows NT 10.0; Win64; x64) AppleWebKit/537.36 (KHTML, like Gecko) Chrome/78.0.3904.108 Safari/537.36"
91.214.47.200 - - [19/Sep/2025:15:15:00 +0200] "POST /wp-cron.php?doing_wp_cron=1758287700.4353389739990234375000 HTTP/1.1" 200 20 "https://get2.events/wp-cron.php?doing_wp_cron=1758287700.4353389739990234375000" "WordPress/5.4.2; https://get2.events"
156.248.84.81 - - [19/Sep/2025:15:15:15 +0200] "POST //xmlrpc.php HTTP/1.1" 200 225 "-" "Mozilla/5.0 (Windows NT 10.0; Win64; x64) AppleWebKit/537.36 (KHTML, like Gecko) Chrome/78.0.3904.108 Safari/537.36"
156.248.84.81 - - [19/Sep/2025:15:15:19 +0200] "POST //xmlrpc.php HTTP/1.1" 200 225 "-" "Mozilla/5.0 (Windows NT 10.0; Win64; x64) AppleWebKit/537.36 (KHTML, like Gecko) Chrome/78.0.3904.108 Safari/537.36"
156.248.84.81 - - [19/Sep/2025:15:15:31 +0200] "POST //xmlrpc.php HTTP/1.1" 200 225 "-" "Mozilla/5.0 (Windows NT 10.0; Win64; x64) AppleWebKit/537.36 (KHTML, like Gecko) Chrome/78.0.3904.108 Safari/537.36"
156.248.84.81 - - [19/Sep/2025:15:15:35 +0200] "POST //xmlrpc.php HTTP/1.1" 200 225 "-" "Mozilla/5.0 (Windows NT 10.0; Win64; x64) AppleWebKit/537.36 (KHTML, like Gecko) Chrome/78.0.3904.108 Safari/537.36"
156.248.84.81 - - [19/Sep/2025:15:15:50 +0200] "POST //xmlrpc.php HTTP/1.1" 200 225 "-" "Mozilla/5.0 (Windows NT 10.0; Win64; x64) AppleWebKit/537.36 (KHTML, like Gecko) Chrome/78.0.3904.108 Safari/537.36"
156.248.84.81 - - [19/Sep/2025:15:16:01 +0200] "POST //xmlrpc.php HTTP/1.1" 200 225 "-" "Mozilla/5.0 (Windows NT 10.0; Win64; x64) AppleWebKit/537.36 (KHTML, like Gecko) Chrome/78.0.3904.108 Safari/537.36"
156.248.84.81 - - [19/Sep/2025:15:16:05 +0200] "POST //xmlrpc.php HTTP/1.1" 200 225 "-" "Mozilla/5.0 (Windows NT 10.0; Win64; x64) AppleWebKit/537.36 (KHTML, like Gecko) Chrome/78.0.3904.108 Safari/537.36"
156.248.84.81 - - [19/Sep/2025:15:16:20 +0200] "POST //xmlrpc.php HTTP/1.1" 200 225 "-" "Mozilla/5.0 (Windows NT 10.0; Win64; x64) AppleWebKit/537.36 (KHTML, like Gecko) Chrome/78.0.3904.108 Safari/537.36"
156.248.84.81 - - [19/Sep/2025:15:17:38 +0200] "POST //xmlrpc.php HTTP/1.1" 200 225 "-" "Mozilla/5.0 (Windows NT 10.0; Win64; x64) AppleWebKit/537.36 (KHTML, like Gecko) Chrome/78.0.3904.108 Safari/537.36"
156.248.84.81 - - [19/Sep/2025:15:17:45 +0200] "POST //xmlrpc.php HTTP/1.1" 200 225 "-" "Mozilla/5.0 (Windows NT 10.0; Win64; x64) AppleWebKit/537.36 (KHTML, like Gecko) Chrome/78.0.3904.108 Safari/537.36"
156.248.84.81 - - [19/Sep/2025:15:17:49 +0200] "POST //xmlrpc.php HTTP/1.1" 200 225 "-" "Mozilla/5.0 (Windows NT 10.0; Win64; x64) AppleWebKit/537.36 (KHTML, like Gecko) Chrome/78.0.3904.108 Safari/537.36"
91.214.47.200 - - [19/Sep/2025:15:18:00 +0200] "POST /wp-cron.php?doing_wp_cron=1758287880.3095819950103759765625 HTTP/1.1" 200 20 "https://get2.events/wp-cron.php?doing_wp_cron=1758287880.3095819950103759765625" "WordPress/5.4.2; https://get2.events"
156.248.84.81 - - [19/Sep/2025:15:17:54 +0200] "POST //xmlrpc.php HTTP/1.1" 200 225 "-" "Mozilla/5.0 (Windows NT 10.0; Win64; x64) AppleWebKit/537.36 (KHTML, like Gecko) Chrome/78.0.3904.108 Safari/537.36"
156.248.84.81 - - [19/Sep/2025:15:18:00 +0200] "POST //xmlrpc.php HTTP/1.1" 200 225 "-" "Mozilla/5.0 (Windows NT 10.0; Win64; x64) AppleWebKit/537.36 (KHTML, like Gecko) Chrome/78.0.3904.108 Safari/537.36"
156.248.84.81 - - [19/Sep/2025:15:18:04 +0200] "POST //xmlrpc.php HTTP/1.1" 200 225 "-" "Mozilla/5.0 (Windows NT 10.0; Win64; x64) AppleWebKit/537.36 (KHTML, like Gecko) Chrome/78.0.3904.108 Safari/537.36"
